CRAN Package Check Results for Package cfda

Last updated on 2021-06-23 10:51:18 CEST.

Flavor Version Tinstall Tcheck Ttotal Status Flags
r-devel-linux-x86_64-debian-clang 0.9.9 11.61 324.12 335.73 OK
r-devel-linux-x86_64-debian-gcc 0.9.9 10.15 224.93 235.08 OK
r-devel-linux-x86_64-fedora-clang 0.9.9 375.48 OK
r-devel-linux-x86_64-fedora-gcc 0.9.9 376.72 OK
r-devel-windows-x86_64 0.9.9 18.00 442.00 460.00 OK
r-devel-windows-x86_64-gcc10-UCRT 0.9.9 NOTE
r-patched-linux-x86_64 0.9.9 17.86 295.70 313.56 OK
r-patched-solaris-x86 0.9.9 753.60 OK
r-release-linux-x86_64 0.9.9 10.35 293.93 304.28 OK
r-release-macos-arm64 0.9.9 OK
r-release-macos-x86_64 0.9.9 OK
r-release-windows-ix86+x86_64 0.9.9 20.00 360.00 380.00 OK
r-oldrel-macos-x86_64 0.9.9 OK

Check Details

Version: 0.9.9
Check: package dependencies
Result: NOTE
    Package suggested but not available for checking: 'covr'
Flavor: r-devel-windows-x86_64-gcc10-UCRT