CRAN Package Check Results for Package ceRtainty

Last updated on 2021-06-15 10:49:44 CEST.

Flavor Version Tinstall Tcheck Ttotal Status Flags
r-devel-linux-x86_64-debian-clang 1.0.0 4.68 50.92 55.60 OK
r-devel-linux-x86_64-debian-gcc 1.0.0 3.40 38.64 42.04 OK
r-devel-linux-x86_64-fedora-clang 1.0.0 77.41 NOTE
r-devel-linux-x86_64-fedora-gcc 1.0.0 64.82 NOTE
r-devel-windows-x86_64 1.0.0 8.00 74.00 82.00 OK
r-devel-windows-x86_64-gcc10-UCRT 1.0.0 NOTE
r-patched-linux-x86_64 1.0.0 2.97 48.65 51.62 OK
r-patched-solaris-x86 1.0.0 85.90 NOTE
r-release-linux-x86_64 1.0.0 2.94 48.48 51.42 OK
r-release-macos-arm64 1.0.0 NOTE
r-release-macos-x86_64 1.0.0 NOTE
r-release-windows-ix86+x86_64 1.0.0 11.00 74.00 85.00 OK
r-oldrel-macos-x86_64 1.0.0 NOTE
r-oldrel-windows-ix86+x86_64 1.0.0 14.00 80.00 94.00 OK

Check Details

Version: 1.0.0
Check: dependencies in R code
Result: NOTE
    Namespaces in Imports field not imported from:
     ‘base’ ‘stats’ ‘tidyr’
     All declared Imports should be used.
Flavors: r-devel-linux-x86_64-fedora-clang, r-devel-linux-x86_64-fedora-gcc, r-devel-windows-x86_64-gcc10-UCRT, r-patched-solaris-x86, r-release-macos-arm64, r-release-macos-x86_64, r-oldrel-macos-x86_64