CRAN Package Check Results for Package ccaPP

Last updated on 2021-05-06 10:49:48 CEST.

Flavor Version Tinstall Tcheck Ttotal Status Flags
r-devel-linux-x86_64-debian-clang 0.3.3 78.48 39.93 118.41 OK --no-vignettes
r-devel-linux-x86_64-debian-gcc 0.3.3 50.30 31.47 81.77 OK --no-vignettes
r-devel-linux-x86_64-fedora-clang 0.3.3 216.25 OK
r-devel-linux-x86_64-fedora-gcc 0.3.3 188.94 OK
r-devel-windows-ix86+x86_64 0.3.3 136.00 133.00 269.00 OK
r-devel-windows-x86_64-gcc10-UCRT 0.3.3 OK
r-patched-linux-x86_64 0.3.3 60.43 38.62 99.05 OK --no-vignettes
r-patched-solaris-x86 0.3.3 156.50 OK --no-vignettes
r-release-linux-x86_64 0.3.3 61.87 38.56 100.43 OK --no-vignettes
r-release-macos-x86_64 0.3.3 NOTE
r-release-windows-ix86+x86_64 0.3.3 133.00 98.00 231.00 OK
r-oldrel-macos-x86_64 0.3.3 OK
r-oldrel-windows-ix86+x86_64 0.3.3 158.00 0.00 158.00 ERROR

Check Details

Version: 0.3.3
Check: installed package size
Result: NOTE
     installed size is 5.2Mb
     sub-directories of 1Mb or more:
     libs 4.8Mb
Flavor: r-release-macos-x86_64

Version: 0.3.3
Check: whether package can be installed
Result: ERROR
    Installation failed.
    See for details.
    *
    
    Check process probably crashed or hung up for 20 minutes ... killed
    Most likely this happened in the example checks (?),
    if not, ignore the following last lines of example output:
    
    ======== End of example output (where/before crash/hang up occured ?) ========
Flavor: r-oldrel-windows-ix86+x86_64