CRAN Package Check Results for Package cbsodataR

Last updated on 2021-06-20 23:49:38 CEST.

Flavor Version Tinstall Tcheck Ttotal Status Flags
r-devel-linux-x86_64-debian-clang 0.5.1 3.55 36.38 39.93 OK
r-devel-linux-x86_64-debian-gcc 0.5.1 2.67 28.38 31.05 OK
r-devel-linux-x86_64-fedora-clang 0.5.1 57.10 OK
r-devel-linux-x86_64-fedora-gcc 0.5.1 46.27 OK
r-devel-windows-x86_64 0.5.1 5.00 54.00 59.00 ERROR
r-devel-windows-x86_64-gcc10-UCRT 0.5.1 OK
r-patched-linux-x86_64 0.5.1 3.56 35.62 39.18 OK
r-patched-solaris-x86 0.5.1 72.20 OK
r-release-linux-x86_64 0.5.1 2.80 35.44 38.24 OK
r-release-macos-arm64 0.5.1 OK
r-release-macos-x86_64 0.5.1 OK
r-release-windows-ix86+x86_64 0.5.1 7.00 50.00 57.00 ERROR
r-oldrel-macos-x86_64 0.5.1 OK

Check Details

Version: 0.5.1
Check: examples
Result: ERROR
    Running examples in 'cbsodataR-Ex.R' failed
    The error most likely occurred in:
    
    > ### Name: cbs_get_catalogs
    > ### Title: Retrieves the possible catalog values that can be used for
    > ### retrieving data
    > ### Aliases: cbs_get_catalogs
    >
    > ### ** Examples
    >
    > catalogs <- cbs_get_catalogs()
    Warning in open.connection(con, "rb") :
     URL 'https://opendata.cbs.nl/ODataCatalog/Tables?$format=json': status was 'SSL connect error'
    Warning: Failing: http://opendata.cbs.nl/ODataCatalog/Tables?$format=json
    Retrying...
    Warning in open.connection(con, "rb") :
     URL 'https://opendata.cbs.nl/ODataCatalog/Tables?$format=json': status was 'SSL connect error'
    Error in open.connection(con, "rb") :
     cannot open the connection to 'http://opendata.cbs.nl/ODataCatalog/Tables?$format=json'
    Calls: cbs_get_catalogs ... parse_and_simplify -> parseJSON -> parse_con -> open -> open.connection
    Execution halted
Flavor: r-devel-windows-x86_64

Version: 0.5.1
Check: examples
Result: ERROR
    Running examples in 'cbsodataR-Ex.R' failed
    The error most likely occurred in:
    
    > ### Name: cbs_get_catalogs
    > ### Title: Retrieves the possible catalog values that can be used for
    > ### retrieving data
    > ### Aliases: cbs_get_catalogs
    >
    > ### ** Examples
    >
    > catalogs <- cbs_get_catalogs()
    Warning in open.connection(con, "rb") :
     InternetOpenUrl failed: 'Die Serververbindung konnte nicht hergestellt werden.'
    Warning: Failing: http://opendata.cbs.nl/ODataCatalog/Tables?$format=json
    Retrying...
    Warning in open.connection(con, "rb") :
     InternetOpenUrl failed: 'Die Serververbindung konnte nicht hergestellt werden.'
    Error in open.connection(con, "rb") : cannot open the connection
    Calls: cbs_get_catalogs ... parse_and_simplify -> parseJSON -> parse_con -> open -> open.connection
    Execution halted
Flavor: r-release-windows-ix86+x86_64