CRAN Package Check Results for Package catcont

Last updated on 2021-06-15 10:49:44 CEST.

Flavor Version Tinstall Tcheck Ttotal Status Flags
r-devel-linux-x86_64-debian-clang 0.5.0 3.38 42.19 45.57 NOTE
r-devel-linux-x86_64-debian-gcc 0.5.0 2.88 31.77 34.65 NOTE
r-devel-linux-x86_64-fedora-clang 0.5.0 63.15 NOTE
r-devel-linux-x86_64-fedora-gcc 0.5.0 51.92 NOTE
r-devel-windows-x86_64 0.5.0 7.00 58.00 65.00 NOTE
r-devel-windows-x86_64-gcc10-UCRT 0.5.0 NOTE
r-patched-linux-x86_64 0.5.0 3.60 39.11 42.71 NOTE
r-patched-solaris-x86 0.5.0 78.60 NOTE
r-release-linux-x86_64 0.5.0 3.21 39.16 42.37 NOTE
r-release-macos-arm64 0.5.0 NOTE
r-release-macos-x86_64 0.5.0 NOTE
r-release-windows-ix86+x86_64 0.5.0 10.00 59.00 69.00 NOTE
r-oldrel-macos-x86_64 0.5.0 OK
r-oldrel-windows-ix86+x86_64 0.5.0 11.00 62.00 73.00 OK

Check Details

Version: 0.5.0
Check: LazyData
Result: NOTE
     'LazyData' is specified without a 'data' directory
Flavors: r-devel-linux-x86_64-debian-clang, r-devel-linux-x86_64-debian-gcc, r-devel-linux-x86_64-fedora-clang, r-devel-linux-x86_64-fedora-gcc, r-devel-windows-x86_64, r-devel-windows-x86_64-gcc10-UCRT, r-patched-linux-x86_64, r-patched-solaris-x86, r-release-linux-x86_64, r-release-macos-arm64, r-release-macos-x86_64, r-release-windows-ix86+x86_64