CRAN Package Check Results for Package calmate

Last updated on 2021-06-22 23:50:27 CEST.

Flavor Version Tinstall Tcheck Ttotal Status Flags
r-devel-linux-x86_64-debian-clang 0.12.1 6.77 63.96 70.73 OK
r-devel-linux-x86_64-debian-gcc 0.12.1 5.17 48.24 53.41 OK
r-devel-linux-x86_64-fedora-clang 0.12.1 90.78 OK
r-devel-linux-x86_64-fedora-gcc 0.12.1 81.64 OK
r-devel-windows-x86_64 0.12.1 9.00 77.00 86.00 OK
r-devel-windows-x86_64-gcc10-UCRT 0.12.1 OK
r-patched-linux-x86_64 0.12.1 4.14 61.38 65.52 OK
r-patched-solaris-x86 0.12.1 123.10 OK
r-release-linux-x86_64 0.12.1 5.03 61.33 66.36 OK
r-release-macos-arm64 0.12.1 ERROR
r-release-macos-x86_64 0.12.1 OK
r-release-windows-ix86+x86_64 0.12.1 14.00 84.00 98.00 OK
r-oldrel-macos-x86_64 0.12.1 OK

Check Details

Version: 0.12.1
Check: package dependencies
Result: ERROR
    Package required but not available: ‘aroma.core’
    
    See section ‘The DESCRIPTION file’ in the ‘Writing R Extensions’
    manual.
Flavor: r-release-macos-arm64