CRAN Package Check Results for Package caffsim

Last updated on 2021-06-20 23:49:38 CEST.

Flavor Version Tinstall Tcheck Ttotal Status Flags
r-devel-linux-x86_64-debian-clang 0.2.2 11.27 96.48 107.75 OK
r-devel-linux-x86_64-debian-gcc 0.2.2 8.47 71.93 80.40 OK
r-devel-linux-x86_64-fedora-clang 0.2.2 133.58 NOTE
r-devel-linux-x86_64-fedora-gcc 0.2.2 120.62 NOTE
r-devel-windows-x86_64 0.2.2 16.00 120.00 136.00 OK
r-devel-windows-x86_64-gcc10-UCRT 0.2.2 NOTE
r-patched-linux-x86_64 0.2.2 6.92 89.95 96.87 OK
r-patched-solaris-x86 0.2.2 177.00 NOTE
r-release-linux-x86_64 0.2.2 6.98 90.18 97.16 OK
r-release-macos-arm64 0.2.2 NOTE
r-release-macos-x86_64 0.2.2 NOTE
r-release-windows-ix86+x86_64 0.2.2 24.00 114.00 138.00 OK
r-oldrel-macos-x86_64 0.2.2 NOTE

Check Details

Version: 0.2.2
Check: dependencies in R code
Result: NOTE
    Namespace in Imports field not imported from: ‘markdown’
     All declared Imports should be used.
Flavors: r-devel-linux-x86_64-fedora-clang, r-devel-linux-x86_64-fedora-gcc, r-devel-windows-x86_64-gcc10-UCRT, r-patched-solaris-x86, r-release-macos-arm64, r-release-macos-x86_64, r-oldrel-macos-x86_64