CRAN Package Check Results for Package bqtl

Last updated on 2021-06-19 10:51:56 CEST.

Flavor Version Tinstall Tcheck Ttotal Status Flags
r-devel-linux-x86_64-debian-clang 1.0-32 12.08 45.59 57.67 OK
r-devel-linux-x86_64-debian-gcc 1.0-32 7.61 35.08 42.69 OK
r-devel-linux-x86_64-fedora-clang 1.0-32 78.02 NOTE
r-devel-linux-x86_64-fedora-gcc 1.0-32 66.72 NOTE
r-devel-windows-x86_64 1.0-32 21.00 58.00 79.00 OK
r-devel-windows-x86_64-gcc10-UCRT 1.0-32 OK
r-patched-linux-x86_64 1.0-32 10.38 44.29 54.67 OK
r-patched-solaris-x86 1.0-32 93.40 OK
r-release-linux-x86_64 1.0-32 9.11 43.81 52.92 OK
r-release-macos-arm64 1.0-32 OK
r-release-macos-x86_64 1.0-32 OK
r-release-windows-ix86+x86_64 1.0-32 25.00 54.00 79.00 OK
r-oldrel-macos-x86_64 1.0-32 OK
r-oldrel-windows-ix86+x86_64 1.0-32 26.00 56.00 82.00 OK

Check Details

Version: 1.0-32
Check: compiled code
Result: NOTE
    File ‘bqtl/libs/bqtl.so’:
     Found no calls to: ‘R_registerRoutines’, ‘R_useDynamicSymbols’
    
    It is good practice to register native routines and to disable symbol
    search.
    
    See ‘Writing portable packages’ in the ‘Writing R Extensions’ manual.
Flavors: r-devel-linux-x86_64-fedora-clang, r-devel-linux-x86_64-fedora-gcc