CRAN Package Check Results for Package blsAPI

Last updated on 2021-06-19 10:51:56 CEST.

Flavor Version Tinstall Tcheck Ttotal Status Flags
r-devel-linux-x86_64-debian-clang 0.2.1 2.06 20.70 22.76 ERROR
r-devel-linux-x86_64-debian-gcc 0.2.1 1.61 16.47 18.08 ERROR
r-devel-linux-x86_64-fedora-clang 0.2.1 37.45 NOTE
r-devel-linux-x86_64-fedora-gcc 0.2.1 26.81 NOTE
r-devel-windows-x86_64 0.2.1 4.00 39.00 43.00 NOTE
r-devel-windows-x86_64-gcc10-UCRT 0.2.1 NOTE
r-patched-linux-x86_64 0.2.1 2.02 20.48 22.50 NOTE
r-patched-solaris-x86 0.2.1 44.90 NOTE
r-release-linux-x86_64 0.2.1 2.00 20.29 22.29 NOTE
r-release-macos-arm64 0.2.1 NOTE
r-release-macos-x86_64 0.2.1 NOTE
r-release-windows-ix86+x86_64 0.2.1 4.00 39.00 43.00 NOTE
r-oldrel-macos-x86_64 0.2.1 OK
r-oldrel-windows-ix86+x86_64 0.2.1 4.00 38.00 42.00 OK

Check Details

Version: 0.2.1
Check: LazyData
Result: NOTE
     'LazyData' is specified without a 'data' directory
Flavors: r-devel-linux-x86_64-debian-clang, r-devel-linux-x86_64-debian-gcc, r-devel-linux-x86_64-fedora-clang, r-devel-linux-x86_64-fedora-gcc, r-devel-windows-x86_64, r-devel-windows-x86_64-gcc10-UCRT, r-patched-linux-x86_64, r-patched-solaris-x86, r-release-linux-x86_64, r-release-macos-arm64, r-release-windows-ix86+x86_64

Version: 0.2.1
Check: examples
Result: ERROR
    Running examples in 'blsAPI-Ex.R' failed
    The error most likely occurred in:
    
    > base::assign(".ptime", proc.time(), pos = "CheckExEnv")
    > ### Name: blsAPI
    > ### Title: Request Data from the U.S. Bureau Of Labor Statistics API
    > ### Aliases: blsAPI
    > ### Keywords: api bls economics
    >
    > ### ** Examples
    >
    > # These examples are taken from <https://www.bls.gov/developers/api_signature.htm>
    > library(rjson)
    > library(blsAPI)
    >
    > # API Version 1.0 R Script Sample Code
    > # Single Series request
    > response <- blsAPI('LAUCN040010000000005')
    Error in curl::curl_fetch_memory(url, handle = handle) :
     Timeout was reached: [api.bls.gov] Failed to connect to api.bls.gov port 443: Connection timed out
    Calls: blsAPI ... request_fetch -> request_fetch.write_memory -> <Anonymous>
    Execution halted
Flavors: r-devel-linux-x86_64-debian-clang, r-devel-linux-x86_64-debian-gcc

Version: 0.2.1
Check: LazyData
Result: NOTE
     'LazyData' is specified without a 'data' directory
    * checking examples ...* using check arguments '--no-clean-on-error '
Flavor: r-release-macos-x86_64