CRAN Package Check Results for Package blockmodels

Last updated on 2021-06-15 10:49:43 CEST.

Flavor Version Tinstall Tcheck Ttotal Status Flags
r-devel-linux-x86_64-debian-clang 1.1.4 104.13 61.76 165.89 OK
r-devel-linux-x86_64-debian-gcc 1.1.4 70.55 46.07 116.62 OK
r-devel-linux-x86_64-fedora-clang 1.1.4 237.99 NOTE
r-devel-linux-x86_64-fedora-gcc 1.1.4 199.67 OK
r-devel-windows-x86_64 1.1.4 108.00 93.00 201.00 OK
r-devel-windows-x86_64-gcc10-UCRT 1.1.4 OK
r-patched-linux-x86_64 1.1.4 74.81 58.78 133.59 OK
r-patched-solaris-x86 1.1.4 204.50 OK
r-release-linux-x86_64 1.1.4 71.77 58.58 130.35 OK
r-release-macos-arm64 1.1.4 NOTE
r-release-macos-x86_64 1.1.4 NOTE
r-release-windows-ix86+x86_64 1.1.4 204.00 125.00 329.00 NOTE
r-oldrel-macos-x86_64 1.1.4 NOTE
r-oldrel-windows-ix86+x86_64 1.1.4 154.00 118.00 272.00 NOTE

Check Details

Version: 1.1.4
Check: installed package size
Result: NOTE
     installed size is 12.2Mb
     sub-directories of 1Mb or more:
     libs 11.7Mb
Flavors: r-devel-linux-x86_64-fedora-clang, r-release-macos-arm64, r-release-macos-x86_64, r-release-windows-ix86+x86_64, r-oldrel-macos-x86_64, r-oldrel-windows-ix86+x86_64