CRAN Package Check Results for Package bioset

Last updated on 2021-06-24 10:52:16 CEST.

Flavor Version Tinstall Tcheck Ttotal Status Flags
r-devel-linux-x86_64-debian-clang 0.2.3 3.12 39.16 42.28 NOTE
r-devel-linux-x86_64-debian-gcc 0.2.3 2.32 29.64 31.96 NOTE
r-devel-linux-x86_64-fedora-clang 0.2.3 58.57 NOTE
r-devel-linux-x86_64-fedora-gcc 0.2.3 48.88 NOTE
r-devel-windows-x86_64 0.2.3 5.00 55.00 60.00 NOTE
r-devel-windows-x86_64-gcc10-UCRT 0.2.3 NOTE
r-patched-linux-x86_64 0.2.3 3.28 37.55 40.83 NOTE
r-patched-solaris-x86 0.2.3 74.10 NOTE
r-release-linux-x86_64 0.2.3 2.90 37.39 40.29 NOTE
r-release-macos-arm64 0.2.3 NOTE
r-release-macos-x86_64 0.2.3 NOTE
r-release-windows-ix86+x86_64 0.2.3 6.00 40.00 46.00 NOTE
r-oldrel-macos-x86_64 0.2.3 OK

Check Details

Version: 0.2.3
Check: LazyData
Result: NOTE
     'LazyData' is specified without a 'data' directory
Flavors: r-devel-linux-x86_64-debian-clang, r-devel-linux-x86_64-debian-gcc, r-devel-linux-x86_64-fedora-clang, r-devel-linux-x86_64-fedora-gcc, r-devel-windows-x86_64, r-devel-windows-x86_64-gcc10-UCRT, r-patched-linux-x86_64, r-patched-solaris-x86, r-release-linux-x86_64, r-release-macos-arm64, r-release-macos-x86_64, r-release-windows-ix86+x86_64