CRAN Package Check Results for Package biocompute

Last updated on 2021-06-13 23:49:01 CEST.

Flavor Version Tinstall Tcheck Ttotal Status Flags
r-devel-linux-x86_64-debian-clang 1.0.4 5.09 51.90 56.99 NOTE
r-devel-linux-x86_64-debian-gcc 1.0.4 4.42 39.91 44.33 NOTE
r-devel-linux-x86_64-fedora-clang 1.0.4 78.46 NOTE
r-devel-linux-x86_64-fedora-gcc 1.0.4 69.63 NOTE
r-devel-windows-x86_64 1.0.4 12.00 92.00 104.00 NOTE
r-devel-windows-x86_64-gcc10-UCRT 1.0.4 NOTE
r-patched-linux-x86_64 1.0.4 6.26 49.80 56.06 NOTE
r-patched-solaris-x86 1.0.4 102.30 NOTE
r-release-linux-x86_64 1.0.4 6.15 49.74 55.89 NOTE
r-release-macos-arm64 1.0.4 NOTE
r-release-macos-x86_64 1.0.4 NOTE
r-release-windows-ix86+x86_64 1.0.4 13.00 90.00 103.00 NOTE
r-oldrel-macos-x86_64 1.0.4 OK
r-oldrel-windows-ix86+x86_64 1.0.4 12.00 89.00 101.00 OK

Check Details

Version: 1.0.4
Check: LazyData
Result: NOTE
     'LazyData' is specified without a 'data' directory
Flavors: r-devel-linux-x86_64-debian-clang, r-devel-linux-x86_64-debian-gcc, r-devel-linux-x86_64-fedora-clang, r-devel-linux-x86_64-fedora-gcc, r-devel-windows-x86_64, r-devel-windows-x86_64-gcc10-UCRT, r-patched-linux-x86_64, r-patched-solaris-x86, r-release-linux-x86_64, r-release-macos-arm64, r-release-macos-x86_64, r-release-windows-ix86+x86_64