CRAN Package Check Results for Package binnednp

Last updated on 2021-06-22 23:50:26 CEST.

Flavor Version Tinstall Tcheck Ttotal Status Flags
r-devel-linux-x86_64-debian-clang 0.4.0 50.43 43.37 93.80 NOTE
r-devel-linux-x86_64-debian-gcc 0.4.0 29.81 33.69 63.50 NOTE
r-devel-linux-x86_64-fedora-clang 0.4.0 130.06 NOTE
r-devel-linux-x86_64-fedora-gcc 0.4.0 107.31 NOTE
r-devel-windows-x86_64 0.4.0 54.00 70.00 124.00 NOTE
r-devel-windows-x86_64-gcc10-UCRT 0.4.0 NOTE
r-patched-linux-x86_64 0.4.0 39.98 42.37 82.35 NOTE
r-patched-solaris-x86 0.4.0 122.80 NOTE
r-release-linux-x86_64 0.4.0 34.73 42.13 76.86 NOTE
r-release-macos-arm64 0.4.0 NOTE
r-release-macos-x86_64 0.4.0 NOTE
r-release-windows-ix86+x86_64 0.4.0 99.00 87.00 186.00 NOTE
r-oldrel-macos-x86_64 0.4.0 NOTE

Check Details

Version: 0.4.0
Check: LazyData
Result: NOTE
     'LazyData' is specified without a 'data' directory
Flavors: r-devel-linux-x86_64-debian-clang, r-devel-linux-x86_64-debian-gcc, r-devel-linux-x86_64-fedora-clang, r-devel-linux-x86_64-fedora-gcc, r-devel-windows-x86_64, r-devel-windows-x86_64-gcc10-UCRT, r-patched-linux-x86_64, r-patched-solaris-x86, r-release-linux-x86_64, r-release-macos-arm64, r-release-macos-x86_64, r-release-windows-ix86+x86_64

Version: 0.4.0
Check: dependencies in R code
Result: NOTE
    Namespace in Imports field not imported from: ‘Rdpack’
     All declared Imports should be used.
Flavors: r-devel-linux-x86_64-fedora-clang, r-devel-linux-x86_64-fedora-gcc, r-devel-windows-x86_64-gcc10-UCRT, r-patched-solaris-x86, r-release-macos-arm64, r-release-macos-x86_64, r-oldrel-macos-x86_64