CRAN Package Check Results for Package bigstep

Last updated on 2021-06-20 23:49:37 CEST.

Flavor Version Tinstall Tcheck Ttotal Status Flags
r-devel-linux-x86_64-debian-clang 1.0.3 8.24 80.38 88.62 OK
r-devel-linux-x86_64-debian-gcc 1.0.3 6.33 62.19 68.52 OK
r-devel-linux-x86_64-fedora-clang 1.0.3 114.48 OK
r-devel-linux-x86_64-fedora-gcc 1.0.3 102.72 OK
r-devel-windows-x86_64 1.0.3 12.00 77.00 89.00 OK
r-devel-windows-x86_64-gcc10-UCRT 1.0.3 NOTE
r-patched-linux-x86_64 1.0.3 9.04 76.51 85.55 OK
r-patched-solaris-x86 1.0.3 153.40 OK
r-release-linux-x86_64 1.0.3 7.39 77.18 84.57 OK
r-release-macos-arm64 1.0.3 OK
r-release-macos-x86_64 1.0.3 OK
r-release-windows-ix86+x86_64 1.0.3 19.00 104.00 123.00 OK
r-oldrel-macos-x86_64 1.0.3 OK

Check Details

Version: 1.0.3
Check: package dependencies
Result: NOTE
    Package suggested but not available for checking: 'devtools'
Flavor: r-devel-windows-x86_64-gcc10-UCRT