CRAN Package Check Results for Package bfw

Last updated on 2021-06-12 23:49:01 CEST.

Flavor Version Tinstall Tcheck Ttotal Status Flags
r-devel-linux-x86_64-debian-clang 0.4.1 8.55 57.76 66.31 OK
r-devel-linux-x86_64-debian-gcc 0.4.1 5.57 43.94 49.51 OK
r-devel-linux-x86_64-fedora-clang 0.4.1 85.82 OK
r-devel-linux-x86_64-fedora-gcc 0.4.1 80.19 OK
r-devel-windows-x86_64 0.4.1 15.00 80.00 95.00 OK
r-devel-windows-x86_64-gcc10-UCRT 0.4.1 OK
r-patched-linux-x86_64 0.4.1 9.40 54.47 63.87 OK
r-patched-solaris-x86 0.4.1 99.10 OK
r-release-linux-x86_64 0.4.1 8.48 54.17 62.65 OK
r-release-macos-arm64 0.4.1 ERROR
r-release-macos-x86_64 0.4.1 OK
r-release-windows-ix86+x86_64 0.4.1 11.00 81.00 92.00 OK
r-oldrel-macos-x86_64 0.4.1 OK
r-oldrel-windows-ix86+x86_64 0.4.1 11.00 75.00 86.00 OK

Check Details

Version: 0.4.1
Check: package dependencies
Result: ERROR
    Package required but not available: ‘runjags’
    
    See section ‘The DESCRIPTION file’ in the ‘Writing R Extensions’
    manual.
Flavor: r-release-macos-arm64