CRAN Package Check Results for Package bayesdistreg

Last updated on 2021-06-19 10:51:54 CEST.

Flavor Version Tinstall Tcheck Ttotal Status Flags
r-devel-linux-x86_64-debian-clang 0.1.0 2.53 38.61 41.14 NOTE
r-devel-linux-x86_64-debian-gcc 0.1.0 1.73 28.41 30.14 NOTE
r-devel-linux-x86_64-fedora-clang 0.1.0 58.46 NOTE
r-devel-linux-x86_64-fedora-gcc 0.1.0 48.20 NOTE
r-devel-windows-x86_64 0.1.0 4.00 65.00 69.00 NOTE
r-devel-windows-x86_64-gcc10-UCRT 0.1.0 NOTE
r-patched-linux-x86_64 0.1.0 2.82 37.17 39.99 NOTE
r-patched-solaris-x86 0.1.0 79.00 NOTE
r-release-linux-x86_64 0.1.0 2.41 36.86 39.27 NOTE
r-release-macos-arm64 0.1.0 NOTE
r-release-macos-x86_64 0.1.0 NOTE
r-release-windows-ix86+x86_64 0.1.0 5.00 48.00 53.00 NOTE
r-oldrel-macos-x86_64 0.1.0 OK
r-oldrel-windows-ix86+x86_64 0.1.0 5.00 65.00 70.00 OK

Check Details

Version: 0.1.0
Check: LazyData
Result: NOTE
     'LazyData' is specified without a 'data' directory
Flavors: r-devel-linux-x86_64-debian-clang, r-devel-linux-x86_64-debian-gcc, r-devel-linux-x86_64-fedora-clang, r-devel-linux-x86_64-fedora-gcc, r-devel-windows-x86_64, r-devel-windows-x86_64-gcc10-UCRT, r-patched-linux-x86_64, r-patched-solaris-x86, r-release-linux-x86_64, r-release-macos-arm64, r-release-macos-x86_64, r-release-windows-ix86+x86_64