CRAN Package Check Results for Package bayesAB

Last updated on 2021-06-24 10:52:15 CEST.

Flavor Version Tinstall Tcheck Ttotal Status Flags
r-devel-linux-x86_64-debian-clang 1.1.2 18.34 95.25 113.59 ERROR
r-devel-linux-x86_64-debian-gcc 1.1.2 12.72 69.66 82.38 ERROR
r-devel-linux-x86_64-fedora-clang 1.1.2 155.24 ERROR
r-devel-linux-x86_64-fedora-gcc 1.1.2 136.77 ERROR
r-devel-windows-x86_64 1.1.2 25.00 123.00 148.00 ERROR
r-devel-windows-x86_64-gcc10-UCRT 1.1.2 ERROR
r-patched-linux-x86_64 1.1.2 16.06 90.95 107.01 ERROR
r-patched-solaris-x86 1.1.2 182.00 ERROR
r-release-linux-x86_64 1.1.2 15.57 89.75 105.32 ERROR
r-release-macos-arm64 1.1.2 OK
r-release-macos-x86_64 1.1.2 OK
r-release-windows-ix86+x86_64 1.1.2 35.00 146.00 181.00 ERROR
r-oldrel-macos-x86_64 1.1.2 OK

Check Details

Version: 1.1.2
Check: tests
Result: ERROR
     Running 'testthat.R' [31s/35s]
    Running the tests in 'tests/testthat.R' failed.
    Complete output:
     > library(testthat)
     > library(bayesAB)
     >
     > test_check("bayesAB")
     == Failed tests ================================================================
     -- Failure (test-generics.R:41:3): Success -------------------------------------
     `plot(x)` produced warnings.
     -- Failure (test-generics.R:42:3): Success -------------------------------------
     `plot(x, rep(0.5, 4))` produced warnings.
     -- Failure (test-generics.R:46:3): Success -------------------------------------
     `print(plot(x))` produced warnings.
     -- Failure (test-generics.R:47:3): Success -------------------------------------
     `print(plot(x, rep(0.5, 4)))` produced warnings.
    
     [ FAIL 4 | WARN 0 | SKIP 0 | PASS 137 ]
     Error: Test failures
     Execution halted
Flavor: r-devel-linux-x86_64-debian-clang

Version: 1.1.2
Check: tests
Result: ERROR
     Running ‘testthat.R’ [22s/36s]
    Running the tests in ‘tests/testthat.R’ failed.
    Complete output:
     > library(testthat)
     > library(bayesAB)
     >
     > test_check("bayesAB")
     ══ Failed tests ════════════════════════════════════════════════════════════════
     ── Failure (test-generics.R:41:3): Success ─────────────────────────────────────
     `plot(x)` produced warnings.
     ── Failure (test-generics.R:42:3): Success ─────────────────────────────────────
     `plot(x, rep(0.5, 4))` produced warnings.
     ── Failure (test-generics.R:46:3): Success ─────────────────────────────────────
     `print(plot(x))` produced warnings.
     ── Failure (test-generics.R:47:3): Success ─────────────────────────────────────
     `print(plot(x, rep(0.5, 4)))` produced warnings.
    
     [ FAIL 4 | WARN 0 | SKIP 0 | PASS 137 ]
     Error: Test failures
     Execution halted
Flavor: r-devel-linux-x86_64-debian-gcc

Version: 1.1.2
Check: tests
Result: ERROR
     Running ‘testthat.R’ [37s/92s]
    Running the tests in ‘tests/testthat.R’ failed.
    Complete output:
     > library(testthat)
     > library(bayesAB)
     >
     > test_check("bayesAB")
     ══ Failed tests ════════════════════════════════════════════════════════════════
     ── Failure (test-generics.R:41:3): Success ─────────────────────────────────────
     `plot(x)` produced warnings.
     ── Failure (test-generics.R:42:3): Success ─────────────────────────────────────
     `plot(x, rep(0.5, 4))` produced warnings.
     ── Failure (test-generics.R:46:3): Success ─────────────────────────────────────
     `print(plot(x))` produced warnings.
     ── Failure (test-generics.R:47:3): Success ─────────────────────────────────────
     `print(plot(x, rep(0.5, 4)))` produced warnings.
    
     [ FAIL 4 | WARN 0 | SKIP 0 | PASS 137 ]
     Error: Test failures
     Execution halted
Flavor: r-devel-linux-x86_64-fedora-clang

Version: 1.1.2
Check: tests
Result: ERROR
     Running ‘testthat.R’ [37s/46s]
    Running the tests in ‘tests/testthat.R’ failed.
    Complete output:
     > library(testthat)
     > library(bayesAB)
     >
     > test_check("bayesAB")
     ══ Failed tests ════════════════════════════════════════════════════════════════
     ── Failure (test-generics.R:41:3): Success ─────────────────────────────────────
     `plot(x)` produced warnings.
     ── Failure (test-generics.R:42:3): Success ─────────────────────────────────────
     `plot(x, rep(0.5, 4))` produced warnings.
     ── Failure (test-generics.R:46:3): Success ─────────────────────────────────────
     `print(plot(x))` produced warnings.
     ── Failure (test-generics.R:47:3): Success ─────────────────────────────────────
     `print(plot(x, rep(0.5, 4)))` produced warnings.
    
     [ FAIL 4 | WARN 0 | SKIP 0 | PASS 137 ]
     Error: Test failures
     Execution halted
Flavor: r-devel-linux-x86_64-fedora-gcc

Version: 1.1.2
Check: tests
Result: ERROR
     Running 'testthat.R' [34s]
    Running the tests in 'tests/testthat.R' failed.
    Complete output:
     > library(testthat)
     > library(bayesAB)
     >
     > test_check("bayesAB")
     == Failed tests ================================================================
     -- Failure (test-generics.R:41:3): Success -------------------------------------
     `plot(x)` produced warnings.
     -- Failure (test-generics.R:42:3): Success -------------------------------------
     `plot(x, rep(0.5, 4))` produced warnings.
     -- Failure (test-generics.R:46:3): Success -------------------------------------
     `print(plot(x))` produced warnings.
     -- Failure (test-generics.R:47:3): Success -------------------------------------
     `print(plot(x, rep(0.5, 4)))` produced warnings.
    
     [ FAIL 4 | WARN 0 | SKIP 0 | PASS 137 ]
     Error: Test failures
     Execution halted
Flavor: r-devel-windows-x86_64

Version: 1.1.2
Check: package dependencies
Result: NOTE
    Package suggested but not available for checking: 'plumber'
Flavor: r-devel-windows-x86_64-gcc10-UCRT

Version: 1.1.2
Check: tests
Result: ERROR
     Running 'testthat.R'
    Running the tests in 'tests/testthat.R' failed.
    Last 13 lines of output:
     >
     > test_check("bayesAB")
     == Failed tests ================================================================
     -- Failure (test-generics.R:41:3): Success -------------------------------------
     `plot(x)` produced warnings.
     -- Failure (test-generics.R:42:3): Success -------------------------------------
     `plot(x, rep(0.5, 4))` produced warnings.
     -- Failure (test-generics.R:46:3): Success -------------------------------------
     `print(plot(x))` produced warnings.
     -- Failure (test-generics.R:47:3): Success -------------------------------------
     `print(plot(x, rep(0.5, 4)))` produced warnings.
    
     [ FAIL 4 | WARN 0 | SKIP 0 | PASS 137 ]
     Error: Test failures
     Execution halted
Flavor: r-devel-windows-x86_64-gcc10-UCRT

Version: 1.1.2
Check: tests
Result: ERROR
     Running ‘testthat.R’ [30s/33s]
    Running the tests in ‘tests/testthat.R’ failed.
    Complete output:
     > library(testthat)
     > library(bayesAB)
     >
     > test_check("bayesAB")
     ══ Failed tests ════════════════════════════════════════════════════════════════
     ── Failure (test-generics.R:41:3): Success ─────────────────────────────────────
     `plot(x)` produced warnings.
     ── Failure (test-generics.R:42:3): Success ─────────────────────────────────────
     `plot(x, rep(0.5, 4))` produced warnings.
     ── Failure (test-generics.R:46:3): Success ─────────────────────────────────────
     `print(plot(x))` produced warnings.
     ── Failure (test-generics.R:47:3): Success ─────────────────────────────────────
     `print(plot(x, rep(0.5, 4)))` produced warnings.
    
     [ FAIL 4 | WARN 0 | SKIP 0 | PASS 137 ]
     Error: Test failures
     Execution halted
Flavor: r-patched-linux-x86_64

Version: 1.1.2
Check: tests
Result: ERROR
     Running ‘testthat.R’ [54s/67s]
    Running the tests in ‘tests/testthat.R’ failed.
    Complete output:
     > library(testthat)
     > library(bayesAB)
     >
     > test_check("bayesAB")
     ══ Failed tests ════════════════════════════════════════════════════════════════
     ── Failure (test-generics.R:41:3): Success ─────────────────────────────────────
     `plot(x)` produced warnings.
     ── Failure (test-generics.R:42:3): Success ─────────────────────────────────────
     `plot(x, rep(0.5, 4))` produced warnings.
     ── Failure (test-generics.R:46:3): Success ─────────────────────────────────────
     `print(plot(x))` produced warnings.
     ── Failure (test-generics.R:47:3): Success ─────────────────────────────────────
     `print(plot(x, rep(0.5, 4)))` produced warnings.
    
     [ FAIL 4 | WARN 0 | SKIP 0 | PASS 137 ]
     Error: Test failures
     Execution halted
Flavor: r-patched-solaris-x86

Version: 1.1.2
Check: tests
Result: ERROR
     Running ‘testthat.R’ [29s/32s]
    Running the tests in ‘tests/testthat.R’ failed.
    Complete output:
     > library(testthat)
     > library(bayesAB)
     >
     > test_check("bayesAB")
     ══ Failed tests ════════════════════════════════════════════════════════════════
     ── Failure (test-generics.R:41:3): Success ─────────────────────────────────────
     `plot(x)` produced warnings.
     ── Failure (test-generics.R:42:3): Success ─────────────────────────────────────
     `plot(x, rep(0.5, 4))` produced warnings.
     ── Failure (test-generics.R:46:3): Success ─────────────────────────────────────
     `print(plot(x))` produced warnings.
     ── Failure (test-generics.R:47:3): Success ─────────────────────────────────────
     `print(plot(x, rep(0.5, 4)))` produced warnings.
    
     [ FAIL 4 | WARN 0 | SKIP 0 | PASS 137 ]
     Error: Test failures
     Execution halted
Flavor: r-release-linux-x86_64

Version: 1.1.2
Check: running tests for arch ‘i386’
Result: ERROR
     Running 'testthat.R' [23s]
    Running the tests in 'tests/testthat.R' failed.
    Complete output:
     > library(testthat)
     > library(bayesAB)
     >
     > test_check("bayesAB")
     == Failed tests ================================================================
     -- Failure (test-generics.R:41:3): Success -------------------------------------
     `plot(x)` produced warnings.
     -- Failure (test-generics.R:42:3): Success -------------------------------------
     `plot(x, rep(0.5, 4))` produced warnings.
     -- Failure (test-generics.R:46:3): Success -------------------------------------
     `print(plot(x))` produced warnings.
     -- Failure (test-generics.R:47:3): Success -------------------------------------
     `print(plot(x, rep(0.5, 4)))` produced warnings.
    
     [ FAIL 4 | WARN 0 | SKIP 0 | PASS 137 ]
     Error: Test failures
     Execution halted
Flavor: r-release-windows-ix86+x86_64

Version: 1.1.2
Check: running tests for arch ‘x64’
Result: ERROR
     Running 'testthat.R' [30s]
    Running the tests in 'tests/testthat.R' failed.
    Complete output:
     > library(testthat)
     > library(bayesAB)
     >
     > test_check("bayesAB")
     == Failed tests ================================================================
     -- Failure (test-generics.R:41:3): Success -------------------------------------
     `plot(x)` produced warnings.
     -- Failure (test-generics.R:42:3): Success -------------------------------------
     `plot(x, rep(0.5, 4))` produced warnings.
     -- Failure (test-generics.R:46:3): Success -------------------------------------
     `print(plot(x))` produced warnings.
     -- Failure (test-generics.R:47:3): Success -------------------------------------
     `print(plot(x, rep(0.5, 4)))` produced warnings.
    
     [ FAIL 4 | WARN 0 | SKIP 0 | PASS 137 ]
     Error: Test failures
     Execution halted
Flavor: r-release-windows-ix86+x86_64