CRAN Package Check Results for Package basad

Last updated on 2021-06-19 10:51:54 CEST.

Flavor Version Tinstall Tcheck Ttotal Status Flags
r-devel-linux-x86_64-debian-clang 0.2.0 78.31 28.73 107.04 OK
r-devel-linux-x86_64-debian-gcc 0.2.0 54.57 24.55 79.12 OK
r-devel-linux-x86_64-fedora-clang 0.2.0 151.28 NOTE
r-devel-linux-x86_64-fedora-gcc 0.2.0 133.43 OK
r-devel-windows-x86_64 0.2.0 81.00 60.00 141.00 OK
r-devel-windows-x86_64-gcc10-UCRT 0.2.0 OK
r-patched-linux-x86_64 0.2.0 62.53 30.10 92.63 OK
r-patched-solaris-x86 0.2.0 125.40 OK
r-release-linux-x86_64 0.2.0 66.02 30.31 96.33 OK
r-release-macos-arm64 0.2.0 NOTE
r-release-macos-x86_64 0.2.0 NOTE
r-release-windows-ix86+x86_64 0.2.0 150.00 57.00 207.00 OK
r-oldrel-macos-x86_64 0.2.0 NOTE
r-oldrel-windows-ix86+x86_64 0.2.0 105.00 71.00 176.00 OK

Check Details

Version: 0.2.0
Check: installed package size
Result: NOTE
     installed size is 13.4Mb
     sub-directories of 1Mb or more:
     libs 13.3Mb
Flavors: r-devel-linux-x86_64-fedora-clang, r-release-macos-arm64, r-release-macos-x86_64, r-oldrel-macos-x86_64