CRAN Package Check Results for Package babsim.hospital

Last updated on 2021-05-10 23:48:16 CEST.

Flavor Version Tinstall Tcheck Ttotal Status Flags
r-devel-linux-x86_64-debian-clang 11.7.14 22.94 271.87 294.81 OK
r-devel-linux-x86_64-debian-gcc 11.7.14 18.63 202.38 221.01 OK
r-devel-linux-x86_64-fedora-clang 11.7.14 356.63 NOTE
r-devel-linux-x86_64-fedora-gcc 11.7.14 347.18 NOTE
r-devel-windows-ix86+x86_64 11.7.14 50.00 293.00 343.00 OK
r-devel-windows-x86_64-gcc10-UCRT 11.7.14 NOTE
r-patched-linux-x86_64 11.7.14 23.03 258.59 281.62 OK
r-patched-solaris-x86 11.7.14 508.10 NOTE
r-release-linux-x86_64 11.7.14 22.48 255.76 278.24 OK
r-release-macos-x86_64 11.7.14 NOTE
r-release-windows-ix86+x86_64 11.7.14 37.00 215.00 252.00 OK
r-oldrel-macos-x86_64 11.7.14 ERROR
r-oldrel-windows-ix86+x86_64 11.7.12 31.00 206.00 237.00 WARN

Check Details

Version: 11.7.14
Check: data for non-ASCII characters
Result: NOTE
     Note: found 62661 marked UTF-8 strings
Flavors: r-devel-linux-x86_64-fedora-clang, r-devel-linux-x86_64-fedora-gcc, r-patched-solaris-x86, r-release-macos-x86_64

Version: 11.7.14
Check: data for non-ASCII characters
Result: NOTE
     Note: found 76 marked Latin-1 strings
     Note: found 62585 marked UTF-8 strings
Flavor: r-devel-windows-x86_64-gcc10-UCRT

Version: 11.7.14
Check: whether package can be installed
Result: ERROR
    Installation failed.
Flavor: r-oldrel-macos-x86_64

Version: 11.7.12
Check: re-building of vignette outputs
Result: WARN
    Error(s) in re-building vignettes:
    --- re-building 'babsim-vignette-introduction.Rmd' using rmarkdown
    Quitting from lines 618-626 (babsim-vignette-introduction.Rmd)
    Error: processing vignette 'babsim-vignette-introduction.Rmd' failed with diagnostics:
    'origin' must be supplied
    --- failed re-building 'babsim-vignette-introduction.Rmd'
    
    SUMMARY: processing the following file failed:
     'babsim-vignette-introduction.Rmd'
    
    Error: Vignette re-building failed.
    Execution halted
Flavor: r-oldrel-windows-ix86+x86_64