CRAN Package Check Results for Package apex

Last updated on 2021-06-24 10:52:15 CEST.

Flavor Version Tinstall Tcheck Ttotal Status Flags
r-devel-linux-x86_64-debian-clang 1.0.4 26.57 218.88 245.45 NOTE
r-devel-linux-x86_64-debian-gcc 1.0.4 22.09 159.17 181.26 NOTE
r-devel-linux-x86_64-fedora-clang 1.0.4 300.02 NOTE
r-devel-linux-x86_64-fedora-gcc 1.0.4 283.15 NOTE
r-devel-windows-x86_64 1.0.4 38.00 232.00 270.00 NOTE
r-devel-windows-x86_64-gcc10-UCRT 1.0.4 NOTE
r-patched-linux-x86_64 1.0.4 30.21 200.44 230.65 NOTE
r-patched-solaris-x86 1.0.4 429.30 NOTE
r-release-linux-x86_64 1.0.4 22.98 199.45 222.43 NOTE
r-release-macos-arm64 1.0.4 NOTE
r-release-macos-x86_64 1.0.4 NOTE
r-release-windows-ix86+x86_64 1.0.4 46.00 178.00 224.00 NOTE
r-oldrel-macos-x86_64 1.0.4 OK

Check Details

Version: 1.0.4
Check: LazyData
Result: NOTE
     'LazyData' is specified without a 'data' directory
Flavors: r-devel-linux-x86_64-debian-clang, r-devel-linux-x86_64-debian-gcc, r-devel-linux-x86_64-fedora-clang, r-devel-linux-x86_64-fedora-gcc, r-devel-windows-x86_64, r-devel-windows-x86_64-gcc10-UCRT, r-patched-linux-x86_64, r-patched-solaris-x86, r-release-linux-x86_64, r-release-macos-arm64, r-release-macos-x86_64, r-release-windows-ix86+x86_64