CRAN Package Check Results for Package alphabetr

Last updated on 2021-06-17 23:49:15 CEST.

Flavor Version Tinstall Tcheck Ttotal Status Flags
r-devel-linux-x86_64-debian-clang 0.2.2 49.85 157.80 207.65 NOTE
r-devel-linux-x86_64-debian-gcc 0.2.2 29.22 122.40 151.62 NOTE
r-devel-linux-x86_64-fedora-clang 0.2.2 276.36 NOTE
r-devel-linux-x86_64-fedora-gcc 0.2.2 264.13 NOTE
r-devel-windows-x86_64 0.2.2 59.00 260.00 319.00 NOTE
r-devel-windows-x86_64-gcc10-UCRT 0.2.2 NOTE
r-patched-linux-x86_64 0.2.2 38.43 166.80 205.23 NOTE
r-patched-solaris-x86 0.2.2 515.30 NOTE
r-release-linux-x86_64 0.2.2 36.58 168.32 204.90 NOTE
r-release-macos-arm64 0.2.2 NOTE
r-release-macos-x86_64 0.2.2 NOTE
r-release-windows-ix86+x86_64 0.2.2 114.00 279.00 393.00 NOTE
r-oldrel-macos-x86_64 0.2.2 OK
r-oldrel-windows-ix86+x86_64 0.2.2 84.00 278.00 362.00 OK

Check Details

Version: 0.2.2
Check: LazyData
Result: NOTE
     'LazyData' is specified without a 'data' directory
Flavors: r-devel-linux-x86_64-debian-clang, r-devel-linux-x86_64-debian-gcc, r-devel-linux-x86_64-fedora-clang, r-devel-linux-x86_64-fedora-gcc, r-devel-windows-x86_64, r-devel-windows-x86_64-gcc10-UCRT, r-patched-linux-x86_64, r-patched-solaris-x86, r-release-linux-x86_64, r-release-macos-arm64, r-release-macos-x86_64, r-release-windows-ix86+x86_64

Version: 0.2.2
Check: compiled code
Result: NOTE
    File ‘alphabetr/libs/alphabetr.so’:
     Found no calls to: ‘R_registerRoutines’, ‘R_useDynamicSymbols’
    
    It is good practice to register native routines and to disable symbol
    search.
    
    See ‘Writing portable packages’ in the ‘Writing R Extensions’ manual.
Flavors: r-devel-linux-x86_64-fedora-clang, r-devel-linux-x86_64-fedora-gcc