CRAN Package Check Results for Package adespatial

Last updated on 2021-06-16 10:52:10 CEST.

Flavor Version Tinstall Tcheck Ttotal Status Flags
r-devel-linux-x86_64-debian-clang 0.3-14 35.16 466.88 502.04 OK
r-devel-linux-x86_64-debian-gcc 0.3-14 29.40 347.18 376.58 OK
r-devel-linux-x86_64-fedora-clang 0.3-14 596.89 OK
r-devel-linux-x86_64-fedora-gcc 0.3-14 578.53 OK
r-devel-windows-x86_64 0.3-14 52.00 531.00 583.00 OK
r-devel-windows-x86_64-gcc10-UCRT 0.3-14 ERROR
r-patched-linux-x86_64 0.3-14 37.52 433.55 471.07 OK
r-patched-solaris-x86 0.3-14 862.30 OK
r-release-linux-x86_64 0.3-14 31.01 435.69 466.70 OK
r-release-macos-arm64 0.3-14 OK
r-release-macos-x86_64 0.3-14 OK
r-release-windows-ix86+x86_64 0.3-14 81.00 690.00 771.00 OK
r-oldrel-macos-x86_64 0.3-14 OK
r-oldrel-windows-ix86+x86_64 0.3-14 84.00 700.00 784.00 OK

Check Details

Version: 0.3-14
Check: package dependencies
Result: ERROR
    Packages required but not available: 'adephylo', 'spdep'
    
    See section 'The DESCRIPTION file' in the 'Writing R Extensions'
    manual.
Flavor: r-devel-windows-x86_64-gcc10-UCRT