CRAN Package Check Results for Package adephylo

Last updated on 2021-06-20 23:49:35 CEST.

Flavor Version Tinstall Tcheck Ttotal Status Flags
r-devel-linux-x86_64-debian-clang 1.1-11 26.04 232.45 258.49 OK
r-devel-linux-x86_64-debian-gcc 1.1-11 23.80 174.24 198.04 OK
r-devel-linux-x86_64-fedora-clang 1.1-11 321.12 OK
r-devel-linux-x86_64-fedora-gcc 1.1-11 306.06 OK
r-devel-windows-x86_64 1.1-11 42.00 275.00 317.00 OK
r-devel-windows-x86_64-gcc10-UCRT 1.1-11 ERROR
r-patched-linux-x86_64 1.1-11 31.78 217.06 248.84 OK
r-patched-solaris-x86 1.1-11 459.60 OK
r-release-linux-x86_64 1.1-11 24.92 219.52 244.44 OK
r-release-macos-arm64 1.1-11 OK
r-release-macos-x86_64 1.1-11 OK
r-release-windows-ix86+x86_64 1.1-11 64.00 357.00 421.00 OK
r-oldrel-macos-x86_64 1.1-11 OK

Check Details

Version: 1.1-11
Check: package dependencies
Result: ERROR
    Package required but not available: 'phylobase'
    
    See section 'The DESCRIPTION file' in the 'Writing R Extensions'
    manual.
Flavor: r-devel-windows-x86_64-gcc10-UCRT