CRAN Package Check Results for Package addinsOutline

Last updated on 2021-06-22 23:50:24 CEST.

Flavor Version Tinstall Tcheck Ttotal Status Flags
r-devel-linux-x86_64-debian-clang 0.1.6 8.63 63.03 71.66 NOTE
r-devel-linux-x86_64-debian-gcc 0.1.6 6.04 47.32 53.36 NOTE
r-devel-linux-x86_64-fedora-clang 0.1.6 91.61 NOTE
r-devel-linux-x86_64-fedora-gcc 0.1.6 81.93 NOTE
r-devel-windows-x86_64 0.1.6 13.00 78.00 91.00 NOTE
r-devel-windows-x86_64-gcc10-UCRT 0.1.6 NOTE
r-patched-linux-x86_64 0.1.6 7.00 59.75 66.75 NOTE
r-patched-solaris-x86 0.1.6 118.50 NOTE
r-release-linux-x86_64 0.1.6 6.64 58.64 65.28 NOTE
r-release-macos-arm64 0.1.6 NOTE
r-release-macos-x86_64 0.1.6 NOTE
r-release-windows-ix86+x86_64 0.1.6 14.00 57.00 71.00 NOTE
r-oldrel-macos-x86_64 0.1.6 OK

Check Details

Version: 0.1.6
Check: LazyData
Result: NOTE
     'LazyData' is specified without a 'data' directory
Flavors: r-devel-linux-x86_64-debian-clang, r-devel-linux-x86_64-debian-gcc, r-devel-linux-x86_64-fedora-clang, r-devel-linux-x86_64-fedora-gcc, r-devel-windows-x86_64, r-devel-windows-x86_64-gcc10-UCRT, r-patched-linux-x86_64, r-patched-solaris-x86, r-release-linux-x86_64, r-release-macos-arm64, r-release-macos-x86_64, r-release-windows-ix86+x86_64