CRAN Package Check Results for Package addinsJoaoMelo

Last updated on 2021-06-21 10:52:24 CEST.

Flavor Version Tinstall Tcheck Ttotal Status Flags
r-devel-linux-x86_64-debian-clang 0.1.0 2.04 22.22 24.26 NOTE
r-devel-linux-x86_64-debian-gcc 0.1.0 1.56 17.31 18.87 NOTE
r-devel-linux-x86_64-fedora-clang 0.1.0 38.50 NOTE
r-devel-linux-x86_64-fedora-gcc 0.1.0 27.98 NOTE
r-devel-windows-x86_64 0.1.0 5.00 36.00 41.00 NOTE
r-devel-windows-x86_64-gcc10-UCRT 0.1.0 NOTE
r-patched-linux-x86_64 0.1.0 1.83 21.90 23.73 NOTE
r-patched-solaris-x86 0.1.0 43.60 NOTE
r-release-linux-x86_64 0.1.0 1.93 21.60 23.53 NOTE
r-release-macos-arm64 0.1.0 NOTE
r-release-macos-x86_64 0.1.0 NOTE
r-release-windows-ix86+x86_64 0.1.0 5.00 39.00 44.00 NOTE
r-oldrel-macos-x86_64 0.1.0 OK
r-oldrel-windows-ix86+x86_64 0.1.0 4.00 0.00 4.00 OK

Check Details

Version: 0.1.0
Check: LazyData
Result: NOTE
     'LazyData' is specified without a 'data' directory
Flavors: r-devel-linux-x86_64-debian-clang, r-devel-linux-x86_64-debian-gcc, r-devel-linux-x86_64-fedora-clang, r-devel-linux-x86_64-fedora-gcc, r-devel-windows-x86_64, r-devel-windows-x86_64-gcc10-UCRT, r-patched-linux-x86_64, r-patched-solaris-x86, r-release-linux-x86_64, r-release-macos-arm64, r-release-macos-x86_64, r-release-windows-ix86+x86_64