CRAN Package Check Results for Package Yamm

Last updated on 2021-05-09 23:48:37 CEST.

Flavor Version Tinstall Tcheck Ttotal Status Flags
r-devel-linux-x86_64-debian-clang 1.3.1 11.86 108.24 120.10 OK
r-devel-linux-x86_64-debian-gcc 1.3.1 9.85 82.38 92.23 OK
r-devel-linux-x86_64-fedora-clang 1.3.1 150.85 OK
r-devel-linux-x86_64-fedora-gcc 1.3.1 142.67 OK
r-devel-windows-ix86+x86_64 1.3.1 32.00 180.00 212.00 OK
r-devel-windows-x86_64-gcc10-UCRT 1.3.1 OK
r-patched-linux-x86_64 1.3.1 17.35 102.63 119.98 OK
r-patched-solaris-x86 1.3.1 199.40 OK
r-release-linux-x86_64 1.3.1 10.87 98.67 109.54 OK
r-release-macos-x86_64 1.3.1 OK
r-release-windows-ix86+x86_64 1.3.1 22.00 140.00 162.00 OK
r-oldrel-macos-x86_64 1.3.1 WARN
r-oldrel-windows-ix86+x86_64 1.3.1 24.00 141.00 165.00 OK

Check Details

Version: 1.3.1
Check: whether package can be installed
Result: WARN
    Found the following significant warnings:
     Warning: 'rgl.init' failed, running with 'rgl.useNULL = TRUE'.
Flavor: r-oldrel-macos-x86_64