CRAN Package Check Results for Package XLConnect

Last updated on 2021-05-11 10:48:46 CEST.

Flavor Version Tinstall Tcheck Ttotal Status Flags
r-devel-linux-x86_64-debian-clang 1.0.3 11.08 154.75 165.83 OK
r-devel-linux-x86_64-debian-gcc 1.0.3 8.90 122.46 131.36 OK
r-devel-linux-x86_64-fedora-clang 1.0.3 197.86 NOTE
r-devel-linux-x86_64-fedora-gcc 1.0.3 185.76 OK
r-devel-windows-ix86+x86_64 1.0.3 35.00 227.00 262.00 NOTE
r-devel-windows-x86_64-gcc10-UCRT 1.0.3 OK
r-patched-linux-x86_64 1.0.3 12.98 152.25 165.23 OK
r-release-linux-x86_64 1.0.3 10.54 150.60 161.14 OK
r-release-macos-x86_64 1.0.3 NOTE
r-release-windows-ix86+x86_64 1.0.3 30.00 180.00 210.00 NOTE
r-oldrel-macos-x86_64 1.0.3 NOTE
r-oldrel-windows-ix86+x86_64 1.0.3 38.00 205.00 243.00 NOTE

Check Details

Version: 1.0.3
Check: installed package size
Result: NOTE
     installed size is 36.5Mb
     sub-directories of 1Mb or more:
     java 34.2Mb
Flavors: r-devel-linux-x86_64-fedora-clang, r-devel-windows-ix86+x86_64, r-release-macos-x86_64, r-release-windows-ix86+x86_64, r-oldrel-macos-x86_64, r-oldrel-windows-ix86+x86_64