CRAN Package Check Results for Package WeMix

Last updated on 2021-06-24 10:52:44 CEST.

Flavor Version Tinstall Tcheck Ttotal Status Flags
r-devel-linux-x86_64-debian-clang 3.1.8 13.97 289.00 302.97 OK
r-devel-linux-x86_64-debian-gcc 3.1.8 12.69 207.34 220.03 OK
r-devel-linux-x86_64-fedora-clang 3.1.8 348.13 OK
r-devel-linux-x86_64-fedora-gcc 3.1.8 348.66 OK
r-devel-windows-x86_64 3.1.8 23.00 306.00 329.00 OK
r-devel-windows-x86_64-gcc10-UCRT 3.1.8 NOTE
r-patched-linux-x86_64 3.1.8 14.33 269.01 283.34 OK
r-patched-solaris-x86 3.1.8 417.30 OK
r-release-linux-x86_64 3.1.8 13.98 268.49 282.47 OK
r-release-macos-arm64 3.1.8 OK
r-release-macos-x86_64 3.1.8 OK
r-release-windows-ix86+x86_64 3.1.8 25.00 232.00 257.00 OK
r-oldrel-macos-x86_64 3.1.8 OK

Check Details

Version: 3.1.8
Check: package dependencies
Result: NOTE
    Package suggested but not available for checking: 'EdSurvey'
Flavor: r-devel-windows-x86_64-gcc10-UCRT