CRAN Package Check Results for Package ViSiElse

Last updated on 2021-06-23 10:51:44 CEST.

Flavor Version Tinstall Tcheck Ttotal Status Flags
r-devel-linux-x86_64-debian-clang 1.2.2 14.26 181.32 195.58 OK
r-devel-linux-x86_64-debian-gcc 1.2.2 11.85 133.42 145.27 OK
r-devel-linux-x86_64-fedora-clang 1.2.2 235.05 NOTE
r-devel-linux-x86_64-fedora-gcc 1.2.2 230.16 NOTE
r-devel-windows-x86_64 1.2.2 20.00 186.00 206.00 OK
r-devel-windows-x86_64-gcc10-UCRT 1.2.2 NOTE
r-patched-linux-x86_64 1.2.2 13.12 173.45 186.57 OK
r-patched-solaris-x86 1.2.2 293.10 NOTE
r-release-linux-x86_64 1.2.2 12.13 173.38 185.51 OK
r-release-macos-arm64 1.2.2 NOTE
r-release-macos-x86_64 1.2.2 NOTE
r-release-windows-ix86+x86_64 1.2.2 19.00 215.00 234.00 OK
r-oldrel-macos-x86_64 1.2.2 NOTE

Check Details

Version: 1.2.2
Check: dependencies in R code
Result: NOTE
    Namespaces in Imports field not imported from:
     ‘ggplot2’ ‘reshape2’
     All declared Imports should be used.
Flavors: r-devel-linux-x86_64-fedora-clang, r-devel-linux-x86_64-fedora-gcc, r-devel-windows-x86_64-gcc10-UCRT, r-patched-solaris-x86, r-release-macos-arm64, r-release-macos-x86_64, r-oldrel-macos-x86_64