CRAN Package Check Results for Package VarBundle

Last updated on 2021-06-20 23:50:04 CEST.

Flavor Version Tinstall Tcheck Ttotal Status Flags
r-devel-linux-x86_64-debian-clang 0.3.0 3.76 46.34 50.10 NOTE
r-devel-linux-x86_64-debian-gcc 0.3.0 3.07 34.62 37.69 NOTE
r-devel-linux-x86_64-fedora-clang 0.3.0 70.37 NOTE
r-devel-linux-x86_64-fedora-gcc 0.3.0 58.17 NOTE
r-devel-windows-x86_64 0.3.0 8.00 69.00 77.00 NOTE
r-devel-windows-x86_64-gcc10-UCRT 0.3.0 NOTE
r-patched-linux-x86_64 0.3.0 3.63 43.03 46.66 NOTE
r-patched-solaris-x86 0.3.0 85.40 NOTE
r-release-linux-x86_64 0.3.0 4.08 43.23 47.31 NOTE
r-release-macos-arm64 0.3.0 NOTE
r-release-macos-x86_64 0.3.0 NOTE
r-release-windows-ix86+x86_64 0.3.0 11.00 60.00 71.00 NOTE
r-oldrel-macos-x86_64 0.3.0 OK

Check Details

Version: 0.3.0
Check: LazyData
Result: NOTE
     'LazyData' is specified without a 'data' directory
Flavors: r-devel-linux-x86_64-debian-clang, r-devel-linux-x86_64-debian-gcc, r-devel-linux-x86_64-fedora-clang, r-devel-linux-x86_64-fedora-gcc, r-devel-windows-x86_64, r-devel-windows-x86_64-gcc10-UCRT, r-patched-linux-x86_64, r-patched-solaris-x86, r-release-linux-x86_64, r-release-macos-arm64, r-release-macos-x86_64, r-release-windows-ix86+x86_64

Version: 0.3.0
Check: package vignettes
Result: NOTE
    Package vignette with placeholder title 'Vignette Title':
     'intro-to-varbundle.Rmd'
Flavors: r-devel-linux-x86_64-debian-clang, r-devel-linux-x86_64-debian-gcc, r-devel-windows-x86_64, r-patched-linux-x86_64, r-release-linux-x86_64, r-release-windows-ix86+x86_64