CRAN Package Check Results for Package VARtests

Last updated on 2021-06-19 10:52:22 CEST.

Flavor Version Tinstall Tcheck Ttotal Status Flags
r-devel-linux-x86_64-debian-clang 2.0.5 111.35 45.94 157.29 OK
r-devel-linux-x86_64-debian-gcc 2.0.5 72.82 35.08 107.90 OK
r-devel-linux-x86_64-fedora-clang 2.0.5 223.19 NOTE
r-devel-linux-x86_64-fedora-gcc 2.0.5 195.53 OK
r-devel-windows-x86_64 2.0.5 129.00 73.00 202.00 OK
r-devel-windows-x86_64-gcc10-UCRT 2.0.5 OK
r-patched-linux-x86_64 2.0.5 89.62 43.98 133.60 OK
r-patched-solaris-x86 2.0.5 186.60 OK
r-release-linux-x86_64 2.0.5 94.76 43.48 138.24 OK
r-release-macos-arm64 2.0.5 NOTE
r-release-macos-x86_64 2.0.5 NOTE
r-release-windows-ix86+x86_64 2.0.5 252.00 73.00 325.00 OK
r-oldrel-macos-x86_64 2.0.5 NOTE
r-oldrel-windows-ix86+x86_64 2.0.5 190.00 90.00 280.00 OK

Check Details

Version: 2.0.5
Check: installed package size
Result: NOTE
     installed size is 5.9Mb
     sub-directories of 1Mb or more:
     libs 5.7Mb
Flavors: r-devel-linux-x86_64-fedora-clang, r-release-macos-arm64, r-release-macos-x86_64, r-oldrel-macos-x86_64

Version: 2.0.5
Check: Rd cross-references
Result: NOTE
    Undeclared package ‘vars’ in Rd xrefs
Flavor: r-devel-linux-x86_64-fedora-clang