CRAN Package Check Results for Package TSdist

Last updated on 2021-06-24 10:52:43 CEST.

Flavor Version Tinstall Tcheck Ttotal Status Flags
r-devel-linux-x86_64-debian-clang 3.7 14.42 122.31 136.73 OK
r-devel-linux-x86_64-debian-gcc 3.7 10.44 92.73 103.17 OK
r-devel-linux-x86_64-fedora-clang 3.7 175.45 OK
r-devel-linux-x86_64-fedora-gcc 3.7 165.18 OK
r-devel-windows-x86_64 3.7 22.00 143.00 165.00 OK
r-devel-windows-x86_64-gcc10-UCRT 3.7 ERROR
r-patched-linux-x86_64 3.7 14.28 117.97 132.25 OK
r-patched-solaris-x86 3.7 229.90 OK
r-release-linux-x86_64 3.7 12.22 117.12 129.34 OK
r-release-macos-arm64 3.7 OK
r-release-macos-x86_64 3.7 OK
r-release-windows-ix86+x86_64 3.7 29.00 150.00 179.00 OK
r-oldrel-macos-x86_64 3.7 OK

Check Details

Version: 3.7
Check: package dependencies
Result: ERROR
    Package required but not available: 'TSclust'
    
    See section 'The DESCRIPTION file' in the 'Writing R Extensions'
    manual.
Flavor: r-devel-windows-x86_64-gcc10-UCRT