CRAN Package Check Results for Package SynthTools

Last updated on 2021-05-11 23:51:00 CEST.

Flavor Version Tinstall Tcheck Ttotal Status Flags
r-devel-linux-x86_64-debian-clang 1.0.1 2.72 32.27 34.99 OK
r-devel-linux-x86_64-debian-gcc 1.0.1 2.08 25.28 27.36 OK
r-devel-linux-x86_64-fedora-clang 1.0.1 53.10 NOTE
r-devel-linux-x86_64-fedora-gcc 1.0.1 40.89 NOTE
r-devel-windows-ix86+x86_64 1.0.1 8.00 48.00 56.00 OK
r-devel-windows-x86_64-gcc10-UCRT 1.0.1 NOTE
r-patched-linux-x86_64 1.0.1 2.61 31.75 34.36 OK
r-patched-solaris-x86 1.0.1 63.10 NOTE
r-release-linux-x86_64 1.0.1 2.56 31.50 34.06 OK
r-release-macos-x86_64 1.0.1 NOTE
r-release-windows-ix86+x86_64 1.0.1 4.00 41.00 45.00 OK
r-oldrel-macos-x86_64 1.0.1 NOTE
r-oldrel-windows-ix86+x86_64 1.0.1 5.00 51.00 56.00 OK

Check Details

Version: 1.0.1
Check: dependencies in R code
Result: NOTE
    Namespace in Imports field not imported from: ‘utils’
     All declared Imports should be used.
Flavors: r-devel-linux-x86_64-fedora-clang, r-devel-linux-x86_64-fedora-gcc, r-devel-windows-x86_64-gcc10-UCRT, r-patched-solaris-x86, r-release-macos-x86_64, r-oldrel-macos-x86_64