CRAN Package Check Results for Package StratifiedRF

Last updated on 2021-06-21 10:52:51 CEST.

Flavor Version Tinstall Tcheck Ttotal Status Flags
r-devel-linux-x86_64-debian-clang 0.2.2 11.06 85.94 97.00 NOTE
r-devel-linux-x86_64-debian-gcc 0.2.2 7.10 64.52 71.62 NOTE
r-devel-linux-x86_64-fedora-clang 0.2.2 123.33 NOTE
r-devel-linux-x86_64-fedora-gcc 0.2.2 109.56 NOTE
r-devel-windows-x86_64 0.2.2 15.00 98.00 113.00 NOTE
r-devel-windows-x86_64-gcc10-UCRT 0.2.2 NOTE
r-patched-linux-x86_64 0.2.2 9.23 80.71 89.94 NOTE
r-patched-solaris-x86 0.2.2 162.80 NOTE
r-release-linux-x86_64 0.2.2 8.61 80.72 89.33 NOTE
r-release-macos-arm64 0.2.2 NOTE
r-release-macos-x86_64 0.2.2 NOTE
r-release-windows-ix86+x86_64 0.2.2 22.00 103.00 125.00 NOTE
r-oldrel-macos-x86_64 0.2.2 OK
r-oldrel-windows-ix86+x86_64 0.2.2 17.00 0.00 17.00 OK

Check Details

Version: 0.2.2
Check: LazyData
Result: NOTE
     'LazyData' is specified without a 'data' directory
Flavors: r-devel-linux-x86_64-debian-clang, r-devel-linux-x86_64-debian-gcc, r-devel-linux-x86_64-fedora-clang, r-devel-linux-x86_64-fedora-gcc, r-devel-windows-x86_64, r-devel-windows-x86_64-gcc10-UCRT, r-patched-linux-x86_64, r-patched-solaris-x86, r-release-linux-x86_64, r-release-macos-arm64, r-release-macos-x86_64, r-release-windows-ix86+x86_64