CRAN Package Check Results for Package StepReg

Last updated on 2021-06-22 23:50:50 CEST.

Flavor Version Tinstall Tcheck Ttotal Status Flags
r-devel-linux-x86_64-debian-clang 1.4.2 49.88 35.70 85.58 OK
r-devel-linux-x86_64-debian-gcc 1.4.2 34.84 28.05 62.89 OK
r-devel-linux-x86_64-fedora-clang 1.4.2 118.37 NOTE
r-devel-linux-x86_64-fedora-gcc 1.4.2 103.16 OK
r-devel-windows-x86_64 1.4.2 54.00 61.00 115.00 OK
r-devel-windows-x86_64-gcc10-UCRT 1.4.2 OK
r-patched-linux-x86_64 1.4.2 39.48 35.89 75.37 OK
r-patched-solaris-x86 1.4.2 111.10 OK
r-release-linux-x86_64 1.4.2 34.49 36.08 70.57 OK
r-release-macos-arm64 1.4.2 NOTE
r-release-macos-x86_64 1.4.2 NOTE
r-release-windows-ix86+x86_64 1.4.2 80.00 83.00 163.00 OK
r-oldrel-macos-x86_64 1.4.2 NOTE

Check Details

Version: 1.4.2
Check: installed package size
Result: NOTE
     installed size is 12.3Mb
     sub-directories of 1Mb or more:
     libs 12.1Mb
Flavors: r-devel-linux-x86_64-fedora-clang, r-release-macos-arm64, r-release-macos-x86_64, r-oldrel-macos-x86_64