CRAN Package Check Results for Package SplitGLM

Last updated on 2021-06-15 10:50:05 CEST.

Flavor Version Tinstall Tcheck Ttotal Status Flags
r-devel-linux-x86_64-debian-clang 1.0.2 119.24 34.80 154.04 OK
r-devel-linux-x86_64-debian-gcc 1.0.2 76.53 27.04 103.57 OK
r-devel-linux-x86_64-fedora-clang 1.0.2 221.02 NOTE
r-devel-linux-x86_64-fedora-gcc 1.0.2 207.63 OK
r-devel-windows-x86_64 1.0.2 137.00 61.00 198.00 OK
r-devel-windows-x86_64-gcc10-UCRT 1.0.2 OK
r-patched-linux-x86_64 1.0.2 88.39 33.77 122.16 OK
r-patched-solaris-x86 1.0.2 196.30 OK
r-release-linux-x86_64 1.0.2 88.41 33.86 122.27 OK
r-release-macos-arm64 1.0.2 NOTE
r-release-macos-x86_64 1.0.2 NOTE
r-release-windows-ix86+x86_64 1.0.2 265.00 83.00 348.00 OK
r-oldrel-macos-x86_64 1.0.2 NOTE
r-oldrel-windows-ix86+x86_64 1.0.2 211.00 82.00 293.00 OK

Check Details

Version: 1.0.2
Check: installed package size
Result: NOTE
     installed size is 5.1Mb
     sub-directories of 1Mb or more:
     libs 4.9Mb
Flavors: r-devel-linux-x86_64-fedora-clang, r-release-macos-arm64, r-release-macos-x86_64, r-oldrel-macos-x86_64