CRAN Package Check Results for Package SimReg

Last updated on 2021-06-24 10:52:39 CEST.

Flavor Version Tinstall Tcheck Ttotal Status Flags
r-devel-linux-x86_64-debian-clang 3.3 44.88 89.68 134.56 OK
r-devel-linux-x86_64-debian-gcc 3.3 26.60 67.33 93.93 OK
r-devel-linux-x86_64-fedora-clang 3.3 182.76 NOTE
r-devel-linux-x86_64-fedora-gcc 3.3 158.84 NOTE
r-devel-windows-x86_64 3.3 54.00 118.00 172.00 OK
r-devel-windows-x86_64-gcc10-UCRT 3.3 ERROR
r-patched-linux-x86_64 3.3 31.71 86.01 117.72 OK
r-patched-solaris-x86 3.3 205.90 NOTE
r-release-linux-x86_64 3.3 34.40 84.93 119.33 OK
r-release-macos-arm64 3.3 NOTE
r-release-macos-x86_64 3.3 NOTE
r-release-windows-ix86+x86_64 3.3 102.00 146.00 248.00 OK
r-oldrel-macos-x86_64 3.3 NOTE

Check Details

Version: 3.3
Check: dependencies in R code
Result: NOTE
    Namespace in Imports field not imported from: ‘Rcpp’
     All declared Imports should be used.
Flavors: r-devel-linux-x86_64-fedora-clang, r-devel-linux-x86_64-fedora-gcc, r-patched-solaris-x86, r-release-macos-arm64, r-release-macos-x86_64, r-oldrel-macos-x86_64

Version: 3.3
Check: package dependencies
Result: ERROR
    Package required but not available: 'ontologyPlot'
    
    See section 'The DESCRIPTION file' in the 'Writing R Extensions'
    manual.
Flavor: r-devel-windows-x86_64-gcc10-UCRT