CRAN Package Check Results for Package SELF

Last updated on 2021-06-14 10:52:02 CEST.

Flavor Version Tinstall Tcheck Ttotal Status Flags
r-devel-linux-x86_64-debian-clang 0.1.1 23.95 73.34 97.29 NOTE
r-devel-linux-x86_64-debian-gcc 0.1.1 18.30 54.06 72.36 NOTE
r-devel-linux-x86_64-fedora-clang 0.1.1 129.95 NOTE
r-devel-linux-x86_64-fedora-gcc 0.1.1 118.59 NOTE
r-devel-windows-x86_64 0.1.1 32.00 99.00 131.00 NOTE
r-devel-windows-x86_64-gcc10-UCRT 0.1.1 NOTE
r-patched-linux-x86_64 0.1.1 20.63 67.84 88.47 NOTE
r-patched-solaris-x86 0.1.1 158.10 NOTE
r-release-linux-x86_64 0.1.1 23.08 66.96 90.04 NOTE
r-release-macos-arm64 0.1.1 NOTE
r-release-macos-x86_64 0.1.1 NOTE
r-release-windows-ix86+x86_64 0.1.1 44.00 124.00 168.00 NOTE
r-oldrel-macos-x86_64 0.1.1 OK
r-oldrel-windows-ix86+x86_64 0.1.1 41.00 197.00 238.00 OK

Check Details

Version: 0.1.1
Check: LazyData
Result: NOTE
     'LazyData' is specified without a 'data' directory
Flavors: r-devel-linux-x86_64-debian-clang, r-devel-linux-x86_64-debian-gcc, r-devel-linux-x86_64-fedora-clang, r-devel-linux-x86_64-fedora-gcc, r-devel-windows-x86_64, r-devel-windows-x86_64-gcc10-UCRT, r-patched-linux-x86_64, r-patched-solaris-x86, r-release-linux-x86_64, r-release-macos-arm64, r-release-macos-x86_64, r-release-windows-ix86+x86_64