CRAN Package Check Results for Package Rssa

Last updated on 2021-09-26 10:49:46 CEST.

Flavor Version Tinstall Tcheck Ttotal Status Flags
r-devel-linux-x86_64-debian-clang 1.0.3 21.68 140.75 162.43 WARN
r-devel-linux-x86_64-debian-gcc 1.0.3 16.38 101.85 118.23 WARN
r-devel-linux-x86_64-fedora-clang 1.0.3 200.59 OK
r-devel-linux-x86_64-fedora-gcc 1.0.3 187.40 OK
r-devel-windows-x86_64 1.0.3 22.00 130.00 152.00 OK
r-devel-windows-x86_64-gcc10-UCRT 1.0.3 OK
r-patched-linux-x86_64 1.0.3 19.95 130.21 150.16 WARN
r-patched-solaris-x86 1.0.3 235.90 OK
r-release-linux-x86_64 1.0.3 18.72 130.59 149.31 WARN
r-release-macos-arm64 1.0.3 OK
r-release-macos-x86_64 1.0.3 OK
r-release-windows-ix86+x86_64 1.0.3 41.00 238.00 279.00 OK
r-oldrel-macos-x86_64 1.0.3 OK
r-oldrel-windows-ix86+x86_64 1.0.3 29.00 173.00 202.00 OK

Check Details

Version: 1.0.3
Check: top-level files
Result: WARN
     Output from running autoreconf:
     configure.ac:6: warning: The macro `AC_HELP_STRING' is obsolete.
     configure.ac:6: You should run autoupdate.
     ./lib/autoconf/general.m4:204: AC_HELP_STRING is expanded from...
     configure.ac:6: the top level
     configure.ac:21: warning: The macro `AC_HELP_STRING' is obsolete.
     configure.ac:21: You should run autoupdate.
     ./lib/autoconf/general.m4:204: AC_HELP_STRING is expanded from...
     configure.ac:21: the top level
Flavors: r-devel-linux-x86_64-debian-clang, r-devel-linux-x86_64-debian-gcc, r-patched-linux-x86_64, r-release-linux-x86_64