CRAN Package Check Results for Package RcppMeCab

Last updated on 2021-06-19 10:52:14 CEST.

Flavor Version Tinstall Tcheck Ttotal Status Flags
r-devel-linux-x86_64-debian-clang 0.0.1.2 47.40 26.39 73.79 NOTE
r-devel-linux-x86_64-debian-gcc 0.0.1.2 34.12 20.68 54.80 NOTE
r-devel-linux-x86_64-fedora-clang 0.0.1.2 110.86 NOTE
r-devel-linux-x86_64-fedora-gcc 0.0.1.2 97.01 NOTE
r-devel-windows-x86_64 0.0.1.2 73.00 56.00 129.00 NOTE
r-devel-windows-x86_64-gcc10-UCRT 0.0.1.2 WARN
r-patched-linux-x86_64 0.0.1.2 43.48 25.57 69.05 NOTE
r-release-linux-x86_64 0.0.1.2 36.96 25.48 62.44 NOTE
r-release-macos-arm64 0.0.1.2 ERROR
r-release-macos-x86_64 0.0.1.2 ERROR
r-release-windows-ix86+x86_64 0.0.1.2 137.00 91.00 228.00 NOTE
r-oldrel-macos-x86_64 0.0.1.2 ERROR
r-oldrel-windows-ix86+x86_64 0.0.1.2 99.00 86.00 185.00 NOTE

Check Details

Version: 0.0.1.2
Check: LazyData
Result: NOTE
     'LazyData' is specified without a 'data' directory
Flavors: r-devel-linux-x86_64-debian-clang, r-devel-linux-x86_64-debian-gcc, r-devel-linux-x86_64-fedora-clang, r-devel-linux-x86_64-fedora-gcc, r-devel-windows-x86_64, r-devel-windows-x86_64-gcc10-UCRT, r-patched-linux-x86_64, r-release-linux-x86_64, r-release-windows-ix86+x86_64

Version: 0.0.1.2
Check: for GNU extensions in Makefiles
Result: NOTE
    GNU make is a SystemRequirements.
Flavors: r-devel-linux-x86_64-debian-clang, r-devel-linux-x86_64-debian-gcc, r-devel-linux-x86_64-fedora-clang, r-devel-linux-x86_64-fedora-gcc, r-devel-windows-x86_64, r-devel-windows-x86_64-gcc10-UCRT, r-patched-linux-x86_64, r-release-linux-x86_64, r-release-windows-ix86+x86_64, r-oldrel-windows-ix86+x86_64

Version: 0.0.1.2
Check: package subdirectories
Result: WARN
    Found the following non-empty subdirectories of 'inst' also used by R:
     inst/libs
    It is recommended not to interfere with package subdirectories used by
    R.
Flavor: r-devel-windows-x86_64-gcc10-UCRT

Version: 0.0.1.2
Check: whether package can be installed
Result: ERROR
    Installation failed.
Flavors: r-release-macos-arm64, r-release-macos-x86_64, r-oldrel-macos-x86_64

Version: 0.0.1.2
Check: installed package size
Result: NOTE
     installed size is 5.9Mb
     sub-directories of 1Mb or more:
     libs 5.8Mb
Flavors: r-release-windows-ix86+x86_64, r-oldrel-windows-ix86+x86_64