CRAN Package Check Results for Package RcppEigenAD

Last updated on 2021-06-14 10:51:59 CEST.

Flavor Version Tinstall Tcheck Ttotal Status Flags
r-devel-linux-x86_64-debian-clang 1.0.0 30.35 40.50 70.85 OK
r-devel-linux-x86_64-debian-gcc 1.0.0 16.51 30.88 47.39 OK
r-devel-linux-x86_64-fedora-clang 1.0.0 96.44 NOTE
r-devel-linux-x86_64-fedora-gcc 1.0.0 78.50 NOTE
r-devel-windows-x86_64 1.0.0 36.00 71.00 107.00 OK
r-devel-windows-x86_64-gcc10-UCRT 1.0.0 NOTE
r-patched-linux-x86_64 1.0.0 21.33 37.80 59.13 OK
r-patched-solaris-x86 1.0.0 99.00 NOTE
r-release-linux-x86_64 1.0.0 19.66 37.95 57.61 OK
r-release-macos-arm64 1.0.0 NOTE
r-release-macos-x86_64 1.0.0 NOTE
r-release-windows-ix86+x86_64 1.0.0 48.00 84.00 132.00 OK
r-oldrel-macos-x86_64 1.0.0 NOTE
r-oldrel-windows-ix86+x86_64 1.0.0 66.00 96.00 162.00 OK

Check Details

Version: 1.0.0
Check: dependencies in R code
Result: NOTE
    Namespace in Imports field not imported from: ‘RcppEigen’
     All declared Imports should be used.
Flavors: r-devel-linux-x86_64-fedora-clang, r-devel-linux-x86_64-fedora-gcc, r-devel-windows-x86_64-gcc10-UCRT, r-patched-solaris-x86, r-release-macos-arm64, r-release-macos-x86_64, r-oldrel-macos-x86_64