CRAN Package Check Results for Package RcppClassic

Last updated on 2021-06-14 10:51:59 CEST.

Flavor Version Tinstall Tcheck Ttotal Status Flags
r-devel-linux-x86_64-debian-clang 0.9.12 101.71 30.96 132.67 OK
r-devel-linux-x86_64-debian-gcc 0.9.12 53.52 24.78 78.30 OK
r-devel-linux-x86_64-fedora-clang 0.9.12 194.12 NOTE
r-devel-linux-x86_64-fedora-gcc 0.9.12 151.09 OK
r-devel-windows-x86_64 0.9.12 114.00 110.00 224.00 OK
r-devel-windows-x86_64-gcc10-UCRT 0.9.12 OK
r-patched-linux-x86_64 0.9.12 68.35 30.36 98.71 OK
r-patched-solaris-x86 0.9.12 199.20 OK
r-release-linux-x86_64 0.9.12 69.14 30.20 99.34 OK
r-release-macos-arm64 0.9.12 WARN
r-release-macos-x86_64 0.9.12 WARN
r-release-windows-ix86+x86_64 0.9.12 169.00 185.00 354.00 OK
r-oldrel-macos-x86_64 0.9.12 WARN
r-oldrel-windows-ix86+x86_64 0.9.12 173.00 185.00 358.00 OK

Check Details

Version: 0.9.12
Check: installed package size
Result: NOTE
     installed size is 6.7Mb
     sub-directories of 1Mb or more:
     lib 4.8Mb
     libs 1.4Mb
Flavors: r-devel-linux-x86_64-fedora-clang, r-release-macos-arm64

Version: 0.9.12
Check: whether package can be installed
Result: WARN
    Found the following significant warnings:
     WARNING: shared objects/dynamic libraries with hard-coded temporary installation paths
Flavors: r-release-macos-arm64, r-release-macos-x86_64, r-oldrel-macos-x86_64