CRAN Package Check Results for Package Rankcluster

Last updated on 2021-06-24 10:52:35 CEST.

Flavor Version Tinstall Tcheck Ttotal Status Flags
r-devel-linux-x86_64-debian-clang 0.94.5 60.11 51.64 111.75 OK
r-devel-linux-x86_64-debian-gcc 0.94.5 42.54 41.14 83.68 OK
r-devel-linux-x86_64-fedora-clang 0.94.5 163.03 OK
r-devel-linux-x86_64-fedora-gcc 0.94.5 144.77 OK
r-devel-windows-x86_64 0.94.5 70.00 77.00 147.00 OK
r-devel-windows-x86_64-gcc10-UCRT 0.94.5 OK
r-patched-linux-x86_64 0.94.5 50.70 50.34 101.04 OK
r-patched-solaris-x86 0.94.5 156.20 OK
r-release-linux-x86_64 0.94.5 51.11 49.97 101.08 OK
r-release-macos-arm64 0.94.5 NOTE
r-release-macos-x86_64 0.94.5 OK
r-release-windows-ix86+x86_64 0.94.5 137.00 101.00 238.00 OK
r-oldrel-macos-x86_64 0.94.5 OK

Check Details

Version: 0.94.5
Check: installed package size
Result: NOTE
     installed size is 5.9Mb
     sub-directories of 1Mb or more:
     libs 5.1Mb
Flavor: r-release-macos-arm64