CRAN Package Check Results for Package RVA

Last updated on 2021-06-13 23:49:19 CEST.

Flavor Version Tinstall Tcheck Ttotal Status Flags
r-devel-linux-x86_64-debian-clang 0.0.4 41.41 444.48 485.89 OK
r-devel-linux-x86_64-debian-gcc 0.0.4 38.36 343.36 381.72 OK
r-devel-linux-x86_64-fedora-clang 0.0.4 613.79 NOTE
r-devel-linux-x86_64-fedora-gcc 0.0.4 610.10 NOTE
r-devel-windows-x86_64 0.0.4 68.00 497.00 565.00 OK
r-devel-windows-x86_64-gcc10-UCRT 0.0.4 NOTE
r-patched-linux-x86_64 0.0.4 41.74 421.43 463.17 OK
r-patched-solaris-x86 0.0.4 811.60 NOTE
r-release-linux-x86_64 0.0.4 38.39 420.78 459.17 OK
r-release-macos-arm64 0.0.4 ERROR
r-release-macos-x86_64 0.0.4 ERROR
r-release-windows-ix86+x86_64 0.0.4 101.00 484.00 585.00 OK
r-oldrel-macos-x86_64 0.0.4 ERROR
r-oldrel-windows-ix86+x86_64 0.0.4 86.00 451.00 537.00 OK

Check Details

Version: 0.0.4
Check: package dependencies
Result: NOTE
    Imports includes 22 non-default packages.
    Importing from so many packages makes the package vulnerable to any of
    them becoming unavailable. Move as many as possible to Suggests and
    use conditionally.
Flavor: r-devel-linux-x86_64-fedora-clang

Version: 0.0.4
Check: dependencies in R code
Result: NOTE
    Namespace in Imports field not imported from: ‘XML’
     All declared Imports should be used.
Flavors: r-devel-linux-x86_64-fedora-clang, r-devel-linux-x86_64-fedora-gcc, r-devel-windows-x86_64-gcc10-UCRT, r-patched-solaris-x86

Version: 0.0.4
Check: package dependencies
Result: ERROR
    Packages required but not available:
     'GSVAdata', 'clusterProfiler', 'edgeR', 'org.Hs.eg.db',
     'ComplexHeatmap', 'GSEABase', 'rWikiPathways'
    
    See section ‘The DESCRIPTION file’ in the ‘Writing R Extensions’
    manual.
Flavor: r-release-macos-arm64

Version: 0.0.4
Check: package dependencies
Result: ERROR
    Packages required but not available:
     'GSVAdata', 'clusterProfiler', 'org.Hs.eg.db', 'rWikiPathways'
    
    See section ‘The DESCRIPTION file’ in the ‘Writing R Extensions’
    manual.
Flavor: r-release-macos-x86_64

Version: 0.0.4
Check: package dependencies
Result: ERROR
    Packages required but not available:
     'GSVAdata', 'clusterProfiler', 'rWikiPathways'
    
    See section ‘The DESCRIPTION file’ in the ‘Writing R Extensions’
    manual.
Flavor: r-oldrel-macos-x86_64