CRAN Package Check Results for Package RSclient

Last updated on 2021-09-26 10:49:46 CEST.

Flavor Version Tinstall Tcheck Ttotal Status Flags
r-devel-linux-x86_64-debian-clang 0.7-3 4.42 21.78 26.20 OK
r-devel-linux-x86_64-debian-gcc 0.7-3 2.64 17.36 20.00 OK
r-devel-linux-x86_64-fedora-clang 0.7-3 41.25 NOTE
r-devel-linux-x86_64-fedora-gcc 0.7-3 29.78 NOTE
r-devel-windows-x86_64 0.7-3 10.00 32.00 42.00 WARN
r-devel-windows-x86_64-gcc10-UCRT 0.7-3 WARN
r-patched-linux-x86_64 0.7-3 3.92 21.49 25.41 OK
r-patched-solaris-x86 0.7-3 45.20 OK
r-release-linux-x86_64 0.7-3 2.90 21.47 24.37 OK
r-release-macos-arm64 0.7-3 ERROR
r-release-macos-x86_64 0.7-3 ERROR
r-release-windows-ix86+x86_64 0.7-3 17.00 52.00 69.00 WARN
r-oldrel-macos-x86_64 0.7-3 ERROR
r-oldrel-windows-ix86+x86_64 0.7-3 18.00 54.00 72.00 WARN

Additional issues

M1mac M1mac rchk

Check Details

Version: 0.7-3
Check: compiled code
Result: NOTE
    File ‘RSclient/libs/RSclient.so’:
     Found no calls to: ‘R_registerRoutines’, ‘R_useDynamicSymbols’
    
    It is good practice to register native routines and to disable symbol
    search.
    
    See ‘Writing portable packages’ in the ‘Writing R Extensions’ manual.
Flavors: r-devel-linux-x86_64-fedora-clang, r-devel-linux-x86_64-fedora-gcc

Version: 0.7-3
Check: whether package can be installed
Result: WARN
    Found the following significant warnings:
     cli.c:232:44: warning: passing argument 4 of 'setsockopt' from incompatible pointer type [-Wincompatible-pointer-types]
Flavors: r-devel-windows-x86_64, r-devel-windows-x86_64-gcc10-UCRT, r-release-windows-ix86+x86_64, r-oldrel-windows-ix86+x86_64

Version: 0.7-3
Check: whether package can be installed
Result: ERROR
    Installation failed.
Flavors: r-release-macos-arm64, r-release-macos-x86_64, r-oldrel-macos-x86_64