CRAN Package Check Results for Package RNifti

Last updated on 2021-05-11 10:48:38 CEST.

Flavor Version Tinstall Tcheck Ttotal Status Flags
r-devel-linux-x86_64-debian-clang 1.3.0 38.09 38.44 76.53 OK
r-devel-linux-x86_64-debian-gcc 1.3.0 27.06 31.53 58.59 OK
r-devel-linux-x86_64-fedora-clang 1.3.0 109.82 NOTE
r-devel-linux-x86_64-fedora-gcc 1.3.0 99.22 OK
r-devel-windows-ix86+x86_64 1.3.0 81.00 92.00 173.00 NOTE
r-devel-windows-x86_64-gcc10-UCRT 1.3.0 WARN
r-patched-linux-x86_64 1.3.0 33.77 37.73 71.50 OK
r-patched-solaris-x86 1.3.0 124.30 OK
r-release-linux-x86_64 1.3.0 36.28 37.11 73.39 OK
r-release-macos-x86_64 1.3.0 NOTE
r-release-windows-ix86+x86_64 1.3.0 79.00 69.00 148.00 NOTE
r-oldrel-macos-x86_64 1.3.0 NOTE
r-oldrel-windows-ix86+x86_64 1.3.0 94.00 81.00 175.00 NOTE

Additional issues

rchk

Check Details

Version: 1.3.0
Check: installed package size
Result: NOTE
     installed size is 6.5Mb
     sub-directories of 1Mb or more:
     doxygen 1.9Mb
     libs 3.3Mb
Flavors: r-devel-linux-x86_64-fedora-clang, r-devel-windows-ix86+x86_64, r-release-macos-x86_64, r-release-windows-ix86+x86_64, r-oldrel-macos-x86_64, r-oldrel-windows-ix86+x86_64

Version: 1.3.0
Check: whether package can be installed
Result: WARN
    Found the following significant warnings:
     niftilib/nifti2_io.c:8248:31: warning: too many arguments for format [-Wformat-extra-args]
     niftilib/nifti2_io.c:8251:30: warning: too many arguments for format [-Wformat-extra-args]
     niftilib/nifti2_io.c:8252:30: warning: too many arguments for format [-Wformat-extra-args]
     niftilib/nifti2_io.c:8254:33: warning: too many arguments for format [-Wformat-extra-args]
     niftilib/nifti2_io.c:8256:33: warning: too many arguments for format [-Wformat-extra-args]
     niftilib/nifti2_io.c:8258:33: warning: too many arguments for format [-Wformat-extra-args]
     niftilib/nifti2_io.c:8260:33: warning: too many arguments for format [-Wformat-extra-args]
     niftilib/nifti2_io.c:8262:33: warning: too many arguments for format [-Wformat-extra-args]
     niftilib/nifti2_io.c:8264:33: warning: too many arguments for format [-Wformat-extra-args]
     niftilib/nifti2_io.c:8278:31: warning: too many arguments for format [-Wformat-extra-args]
     niftilib/nifti2_io.c:8337:15: warning: too many arguments for format [-Wformat-extra-args]
Flavor: r-devel-windows-x86_64-gcc10-UCRT