CRAN Package Check Results for Package RAM

Last updated on 2021-07-30 23:51:56 CEST.

Flavor Version Tinstall Tcheck Ttotal Status Flags
r-devel-linux-x86_64-debian-clang 1.2.1.7 OK
r-devel-linux-x86_64-debian-gcc 1.2.1.7 19.85 154.69 174.54 OK
r-devel-linux-x86_64-fedora-clang 1.2.1.7 292.24 OK
r-devel-linux-x86_64-fedora-gcc 1.2.1.7 273.33 OK
r-devel-windows-x86_64 1.2.1.7 39.00 270.00 309.00 OK
r-devel-windows-x86_64-gcc10-UCRT 1.2.1.7 OK
r-patched-linux-x86_64 1.2.1.7 OK
r-patched-solaris-x86 1.2.1.7 392.10 OK
r-release-linux-x86_64 1.2.1.7 19.97 199.44 219.41 OK
r-release-macos-arm64 1.2.1.7 NOTE
r-release-macos-x86_64 1.2.1.7 NOTE
r-release-windows-ix86+x86_64 1.2.1.7 49.00 181.00 230.00 OK
r-oldrel-macos-x86_64 1.2.1.7 NOTE
r-oldrel-windows-ix86+x86_64 1.2.1.7 63.00 260.00 323.00 OK

Check Details

Version: 1.2.1.7
Check: package dependencies
Result: NOTE
    Package suggested but not available for checking: ‘Heatplus’
Flavors: r-release-macos-arm64, r-release-macos-x86_64, r-oldrel-macos-x86_64

Version: 1.2.1.7
Check: Rd cross-references
Result: NOTE
    Package unavailable to check Rd xrefs: ‘Heatplus’
Flavors: r-release-macos-arm64, r-release-macos-x86_64, r-oldrel-macos-x86_64