CRAN Package Check Results for Package R.filesets

Last updated on 2021-05-06 10:50:05 CEST.

Flavor Version Tinstall Tcheck Ttotal Status Flags
r-devel-linux-x86_64-debian-clang 2.14.0 10.17 116.15 126.32 OK
r-devel-linux-x86_64-debian-gcc 2.14.0 5.84 88.63 94.47 OK
r-devel-linux-x86_64-fedora-clang 2.14.0 168.66 OK
r-devel-linux-x86_64-fedora-gcc 2.14.0 146.09 OK
r-devel-windows-ix86+x86_64 2.14.0 12.00 13.00 25.00 ERROR
r-devel-windows-x86_64-gcc10-UCRT 2.14.0 OK
r-patched-linux-x86_64 2.14.0 10.46 112.16 122.62 OK
r-patched-solaris-x86 2.14.0 189.50 OK
r-release-linux-x86_64 2.14.0 6.86 111.45 118.31 OK
r-release-macos-x86_64 2.14.0 OK
r-release-windows-ix86+x86_64 2.14.0 12.00 263.00 275.00 OK
r-oldrel-macos-x86_64 2.14.0 OK
r-oldrel-windows-ix86+x86_64 2.14.0 14.00 0.00 14.00 ERROR

Check Details

Version: 2.14.0
Check: whether package can be installed
Result: ERROR
    Installation failed.
Flavor: r-devel-windows-ix86+x86_64

Version: 2.14.0
Check: whether package can be installed
Result: ERROR
    Installation failed.
    See 'd:/Rcompile/CRANpkg/local/3.6/R.filesets.Rcheck/00install.out'*
Flavor: r-oldrel-windows-ix86+x86_64