CRAN Package Check Results for Package R.cache

Last updated on 2021-05-10 23:48:34 CEST.

Flavor Version Tinstall Tcheck Ttotal Status Flags
r-devel-linux-x86_64-debian-clang 0.15.0 3.59 39.53 43.12 OK
r-devel-linux-x86_64-debian-gcc 0.15.0 2.49 31.48 33.97 OK
r-devel-linux-x86_64-fedora-clang 0.15.0 62.24 OK
r-devel-linux-x86_64-fedora-gcc 0.15.0 51.12 OK
r-devel-windows-ix86+x86_64 0.15.0 7.00 80.00 87.00 OK
r-devel-windows-x86_64-gcc10-UCRT 0.15.0 OK
r-patched-linux-x86_64 0.15.0 3.39 38.74 42.13 OK
r-patched-solaris-x86 0.15.0 76.80 OK
r-release-linux-x86_64 0.15.0 3.52 38.91 42.43 OK
r-release-macos-x86_64 0.15.0 OK
r-release-windows-ix86+x86_64 0.15.0 6.00 99.00 105.00 OK
r-oldrel-macos-x86_64 0.15.0 ERROR
r-oldrel-windows-ix86+x86_64 0.14.0 6.00 7.00 13.00 ERROR

Check Details

Version: 0.15.0
Check: whether package can be installed
Result: ERROR
    Installation failed.
Flavor: r-oldrel-macos-x86_64

Version: 0.14.0
Check: whether package can be installed
Result: ERROR
    Installation failed.
    See 'd:/Rcompile/CRANpkg/local/3.6/R.cache.Rcheck/00install.out' for details.
    *
Flavor: r-oldrel-windows-ix86+x86_64