CRAN Package Check Results for Package PlotContour

Last updated on 2021-06-21 10:52:43 CEST.

Flavor Version Tinstall Tcheck Ttotal Status Flags
r-devel-linux-x86_64-debian-clang 0.1.0 1.97 20.89 22.86 NOTE
r-devel-linux-x86_64-debian-gcc 0.1.0 1.43 16.73 18.16 NOTE
r-devel-linux-x86_64-fedora-clang 0.1.0 37.11 NOTE
r-devel-linux-x86_64-fedora-gcc 0.1.0 26.72 NOTE
r-devel-windows-x86_64 0.1.0 5.00 35.00 40.00 NOTE
r-devel-windows-x86_64-gcc10-UCRT 0.1.0 NOTE
r-patched-linux-x86_64 0.1.0 1.82 20.14 21.96 NOTE
r-patched-solaris-x86 0.1.0 42.80 NOTE
r-release-linux-x86_64 0.1.0 1.70 20.36 22.06 NOTE
r-release-macos-arm64 0.1.0 NOTE
r-release-macos-x86_64 0.1.0 NOTE
r-release-windows-ix86+x86_64 0.1.0 4.00 26.00 30.00 NOTE
r-oldrel-macos-x86_64 0.1.0 OK

Check Details

Version: 0.1.0
Check: LazyData
Result: NOTE
     'LazyData' is specified without a 'data' directory
Flavors: r-devel-linux-x86_64-debian-clang, r-devel-linux-x86_64-debian-gcc, r-devel-linux-x86_64-fedora-clang, r-devel-linux-x86_64-fedora-gcc, r-devel-windows-x86_64, r-devel-windows-x86_64-gcc10-UCRT, r-patched-linux-x86_64, r-patched-solaris-x86, r-release-linux-x86_64, r-release-macos-arm64, r-release-macos-x86_64, r-release-windows-ix86+x86_64